{"id":1317,"date":"2025-01-16T16:36:23","date_gmt":"2025-01-16T14:36:23","guid":{"rendered":"https:\/\/zudc.lt\/pieno-rinka\/?page_id=1317"},"modified":"2025-01-16T16:54:27","modified_gmt":"2025-01-16T14:54:27","slug":"pieno-gaminiu-mazmeniniu-kainu-struktura","status":"publish","type":"page","link":"https:\/\/zudc.lt\/pieno-rinka\/pieno-gaminiu-mazmeniniu-kainu-struktura\/","title":{"rendered":"Kai kuri\u0173 pieno gamini\u0173 vidutini\u0173 ma\u017emenini\u0173 kain\u0173 strukt\u016bra"},"content":{"rendered":"\t\t<div data-elementor-type=\"wp-page\" data-elementor-id=\"1317\" class=\"elementor elementor-1317\" data-elementor-post-type=\"page\">\n\t\t\t\t\t\t<section class=\"elementor-section elementor-top-section elementor-element elementor-element-136d78a elementor-section-boxed elementor-section-height-default elementor-section-height-default\" data-id=\"136d78a\" data-element_type=\"section\" data-e-type=\"section\" data-settings=\"{&quot;background_background&quot;:&quot;classic&quot;}\">\n\t\t\t\t\t\t\t<div class=\"elementor-background-overlay\"><\/div>\n\t\t\t\t\t\t\t<div class=\"elementor-container elementor-column-gap-no\">\n\t\t\t\t\t<div class=\"elementor-column elementor-col-100 elementor-top-column elementor-element elementor-element-dc1286c\" data-id=\"dc1286c\" data-element_type=\"column\" data-e-type=\"column\">\n\t\t\t<div class=\"elementor-widget-wrap elementor-element-populated\">\n\t\t\t\t\t\t<div class=\"elementor-element elementor-element-b4bf220 elementor-widget elementor-widget-breadcrumbs\" data-id=\"b4bf220\" data-element_type=\"widget\" data-e-type=\"widget\" data-widget_type=\"breadcrumbs.default\">\n\t\t\t\t<div class=\"elementor-widget-container\">\n\t\t\t\t\t<p id=\"breadcrumbs\"><span><span><a href=\"https:\/\/zudc.lt\/pieno-rinka\/\">Pieno rinka<\/a><\/span><\/span><\/p>\t\t\t\t<\/div>\n\t\t\t\t<\/div>\n\t\t\t\t\t<\/div>\n\t\t<\/div>\n\t\t\t\t\t<\/div>\n\t\t<\/section>\n\t\t\t\t<section class=\"elementor-section elementor-top-section elementor-element elementor-element-b0b5e1f elementor-section-height-min-height elementor-section-items-top elementor-section-boxed elementor-section-height-default\" data-id=\"b0b5e1f\" data-element_type=\"section\" data-e-type=\"section\" data-settings=\"{&quot;background_background&quot;:&quot;classic&quot;}\">\n\t\t\t\t\t\t<div class=\"elementor-container elementor-column-gap-custom\">\n\t\t\t\t\t<div class=\"elementor-column elementor-col-100 elementor-top-column elementor-element elementor-element-073633f\" data-id=\"073633f\" data-element_type=\"column\" data-e-type=\"column\">\n\t\t\t<div class=\"elementor-widget-wrap elementor-element-populated\">\n\t\t\t\t\t\t<div class=\"elementor-element elementor-element-49df140 elementor-widget elementor-widget-html\" data-id=\"49df140\" data-element_type=\"widget\" data-e-type=\"widget\" data-widget_type=\"html.default\">\n\t\t\t\t<div class=\"elementor-widget-container\">\n\t\t\t\t\t<div style=\"padding-bottom:70%; position:relative; display:block; width: 100%\">\n  <iframe src=\"https:\/\/app.powerbi.com\/view?r=eyJrIjoiYWJiOGE4MjYtZDZiYi00NDUwLWI0N2QtNjQxOWE4NzZlZTYwIiwidCI6IjNjMjk2MzFmLTAyN2EtNGFlYy05OGQxLWJlMGNjODg4MzAxNiIsImMiOjl9\" allowfullscreen=\"\" style=\"position:absolute; top:0; left: 0\" width=\"100%\" height=\"1260\" frameborder=\"0\">\n  <\/iframe>\n<\/div>\t\t\t\t<\/div>\n\t\t\t\t<\/div>\n\t\t\t\t\t<\/div>\n\t\t<\/div>\n\t\t\t\t\t<\/div>\n\t\t<\/section>\n\t\t\t\t<\/div>\n\t\t","protected":false},"excerpt":{"rendered":"","protected":false},"author":12,"featured_media":0,"parent":0,"menu_order":0,"comment_status":"closed","ping_status":"closed","template":"","meta":{"site-sidebar-layout":"no-sidebar","site-content-layout":"","ast-site-content-layout":"full-width-container","site-content-style":"default","site-sidebar-style":"default","ast-global-header-display":"","ast-banner-title-visibility":"","ast-main-header-display":"","ast-hfb-above-header-display":"","ast-hfb-below-header-display":"","ast-hfb-mobile-header-display":"","site-post-title":"disabled","ast-breadcrumbs-content":"","ast-featured-img":"disabled","footer-sml-layout":"","ast-disable-related-posts":"","theme-transparent-header-meta":"default","adv-header-id-meta":"","stick-header-meta":"default","header-above-stick-meta":"","header-main-stick-meta":"","header-below-stick-meta":"","astra-migrate-meta-layouts":"set","ast-page-background-enabled":"default","ast-page-background-meta":{"desktop":{"background-color":"var(--ast-global-color-4)","background-image":"","background-repeat":"repeat","background-position":"center center","background-size":"auto","background-attachment":"scroll","background-type":"","background-media":"","overlay-type":"","overlay-color":"","overlay-opacity":"","overlay-gradient":""},"tablet":{"background-color":"","background-image":"","background-repeat":"repeat","background-position":"center center","background-size":"auto","background-attachment":"scroll","background-type":"","background-media":"","overlay-type":"","overlay-color":"","overlay-opacity":"","overlay-gradient":""},"mobile":{"background-color":"","background-image":"","background-repeat":"repeat","background-position":"center center","background-size":"auto","background-attachment":"scroll","background-type":"","background-media":"","overlay-type":"","overlay-color":"","overlay-opacity":"","overlay-gradient":""}},"ast-content-background-meta":{"desktop":{"background-color":"var(--ast-global-color-5)","background-image":"","background-repeat":"repeat","background-position":"center center","background-size":"auto","background-attachment":"scroll","background-type":"","background-media":"","overlay-type":"","overlay-color":"","overlay-opacity":"","overlay-gradient":""},"tablet":{"background-color":"var(--ast-global-color-5)","background-image":"","background-repeat":"repeat","background-position":"center center","background-size":"auto","background-attachment":"scroll","background-type":"","background-media":"","overlay-type":"","overlay-color":"","overlay-opacity":"","overlay-gradient":""},"mobile":{"background-color":"var(--ast-global-color-5)","background-image":"","background-repeat":"repeat","background-position":"center center","background-size":"auto","background-attachment":"scroll","background-type":"","background-media":"","overlay-type":"","overlay-color":"","overlay-opacity":"","overlay-gradient":""}},"footnotes":""},"class_list":["post-1317","page","type-page","status-publish","hentry"],"yoast_head":"<!-- This site is optimized with the Yoast SEO plugin v27.2 - https:\/\/yoast.com\/product\/yoast-seo-wordpress\/ -->\n<title>Kai kuri\u0173 pieno gamini\u0173 vidutini\u0173 ma\u017emenini\u0173 kain\u0173 strukt\u016bra - Pieno rinka<\/title>\n<meta name=\"robots\" content=\"index, follow, max-snippet:-1, max-image-preview:large, max-video-preview:-1\" \/>\n<link rel=\"canonical\" href=\"https:\/\/zudc.lt\/pieno-rinka\/pieno-gaminiu-mazmeniniu-kainu-struktura\/\" \/>\n<meta property=\"og:locale\" content=\"lt_LT\" \/>\n<meta property=\"og:type\" content=\"article\" \/>\n<meta property=\"og:title\" content=\"Kai kuri\u0173 pieno gamini\u0173 vidutini\u0173 ma\u017emenini\u0173 kain\u0173 strukt\u016bra - Pieno rinka\" \/>\n<meta property=\"og:url\" content=\"https:\/\/zudc.lt\/pieno-rinka\/pieno-gaminiu-mazmeniniu-kainu-struktura\/\" \/>\n<meta property=\"og:site_name\" content=\"Pieno rinka\" \/>\n<meta property=\"article:modified_time\" content=\"2025-01-16T14:54:27+00:00\" \/>\n<meta name=\"twitter:card\" content=\"summary_large_image\" \/>\n<meta name=\"twitter:label1\" content=\"Est. reading time\" \/>\n\t<meta name=\"twitter:data1\" content=\"1 minut\u0117\" \/>\n<script type=\"application\/ld+json\" class=\"yoast-schema-graph\">{\"@context\":\"https:\/\/schema.org\",\"@graph\":[{\"@type\":\"WebPage\",\"@id\":\"https:\/\/zudc.lt\/pieno-rinka\/pieno-gaminiu-mazmeniniu-kainu-struktura\/\",\"url\":\"https:\/\/zudc.lt\/pieno-rinka\/pieno-gaminiu-mazmeniniu-kainu-struktura\/\",\"name\":\"Kai kuri\u0173 pieno gamini\u0173 vidutini\u0173 ma\u017emenini\u0173 kain\u0173 strukt\u016bra - Pieno rinka\",\"isPartOf\":{\"@id\":\"https:\/\/zudc.lt\/pieno-rinka\/#website\"},\"datePublished\":\"2025-01-16T14:36:23+00:00\",\"dateModified\":\"2025-01-16T14:54:27+00:00\",\"breadcrumb\":{\"@id\":\"https:\/\/zudc.lt\/pieno-rinka\/pieno-gaminiu-mazmeniniu-kainu-struktura\/#breadcrumb\"},\"inLanguage\":\"lt-LT\",\"potentialAction\":[{\"@type\":\"ReadAction\",\"target\":[\"https:\/\/zudc.lt\/pieno-rinka\/pieno-gaminiu-mazmeniniu-kainu-struktura\/\"]}]},{\"@type\":\"BreadcrumbList\",\"@id\":\"https:\/\/zudc.lt\/pieno-rinka\/pieno-gaminiu-mazmeniniu-kainu-struktura\/#breadcrumb\",\"itemListElement\":[{\"@type\":\"ListItem\",\"position\":1,\"name\":\"Pieno rinka\",\"item\":\"https:\/\/zudc.lt\/pieno-rinka\/\"},{\"@type\":\"ListItem\",\"position\":2,\"name\":\"Kai kuri\u0173 pieno gamini\u0173 vidutini\u0173 ma\u017emenini\u0173 kain\u0173 strukt\u016bra\"}]},{\"@type\":\"WebSite\",\"@id\":\"https:\/\/zudc.lt\/pieno-rinka\/#website\",\"url\":\"https:\/\/zudc.lt\/pieno-rinka\/\",\"name\":\"Pieno rinka\",\"description\":\"\",\"publisher\":{\"@id\":\"https:\/\/zudc.lt\/pieno-rinka\/#organization\"},\"potentialAction\":[{\"@type\":\"SearchAction\",\"target\":{\"@type\":\"EntryPoint\",\"urlTemplate\":\"https:\/\/zudc.lt\/pieno-rinka\/?s={search_term_string}\"},\"query-input\":{\"@type\":\"PropertyValueSpecification\",\"valueRequired\":true,\"valueName\":\"search_term_string\"}}],\"inLanguage\":\"lt-LT\"},{\"@type\":\"Organization\",\"@id\":\"https:\/\/zudc.lt\/pieno-rinka\/#organization\",\"name\":\"Pieno rinka\",\"url\":\"https:\/\/zudc.lt\/pieno-rinka\/\",\"logo\":{\"@type\":\"ImageObject\",\"inLanguage\":\"lt-LT\",\"@id\":\"https:\/\/zudc.lt\/pieno-rinka\/#\/schema\/logo\/image\/\",\"url\":\"https:\/\/zudc.lt\/pieno-rinka\/wp-content\/uploads\/sites\/5\/2024\/01\/ZUDC-logo.png\",\"contentUrl\":\"https:\/\/zudc.lt\/pieno-rinka\/wp-content\/uploads\/sites\/5\/2024\/01\/ZUDC-logo.png\",\"width\":1967,\"height\":615,\"caption\":\"Pieno rinka\"},\"image\":{\"@id\":\"https:\/\/zudc.lt\/pieno-rinka\/#\/schema\/logo\/image\/\"}}]}<\/script>\n<!-- \/ Yoast SEO plugin. -->","yoast_head_json":{"title":"Kai kuri\u0173 pieno gamini\u0173 vidutini\u0173 ma\u017emenini\u0173 kain\u0173 strukt\u016bra - Pieno rinka","robots":{"index":"index","follow":"follow","max-snippet":"max-snippet:-1","max-image-preview":"max-image-preview:large","max-video-preview":"max-video-preview:-1"},"canonical":"https:\/\/zudc.lt\/pieno-rinka\/pieno-gaminiu-mazmeniniu-kainu-struktura\/","og_locale":"lt_LT","og_type":"article","og_title":"Kai kuri\u0173 pieno gamini\u0173 vidutini\u0173 ma\u017emenini\u0173 kain\u0173 strukt\u016bra - Pieno rinka","og_url":"https:\/\/zudc.lt\/pieno-rinka\/pieno-gaminiu-mazmeniniu-kainu-struktura\/","og_site_name":"Pieno rinka","article_modified_time":"2025-01-16T14:54:27+00:00","twitter_card":"summary_large_image","twitter_misc":{"Est. reading time":"1 minut\u0117"},"schema":{"@context":"https:\/\/schema.org","@graph":[{"@type":"WebPage","@id":"https:\/\/zudc.lt\/pieno-rinka\/pieno-gaminiu-mazmeniniu-kainu-struktura\/","url":"https:\/\/zudc.lt\/pieno-rinka\/pieno-gaminiu-mazmeniniu-kainu-struktura\/","name":"Kai kuri\u0173 pieno gamini\u0173 vidutini\u0173 ma\u017emenini\u0173 kain\u0173 strukt\u016bra - Pieno rinka","isPartOf":{"@id":"https:\/\/zudc.lt\/pieno-rinka\/#website"},"datePublished":"2025-01-16T14:36:23+00:00","dateModified":"2025-01-16T14:54:27+00:00","breadcrumb":{"@id":"https:\/\/zudc.lt\/pieno-rinka\/pieno-gaminiu-mazmeniniu-kainu-struktura\/#breadcrumb"},"inLanguage":"lt-LT","potentialAction":[{"@type":"ReadAction","target":["https:\/\/zudc.lt\/pieno-rinka\/pieno-gaminiu-mazmeniniu-kainu-struktura\/"]}]},{"@type":"BreadcrumbList","@id":"https:\/\/zudc.lt\/pieno-rinka\/pieno-gaminiu-mazmeniniu-kainu-struktura\/#breadcrumb","itemListElement":[{"@type":"ListItem","position":1,"name":"Pieno rinka","item":"https:\/\/zudc.lt\/pieno-rinka\/"},{"@type":"ListItem","position":2,"name":"Kai kuri\u0173 pieno gamini\u0173 vidutini\u0173 ma\u017emenini\u0173 kain\u0173 strukt\u016bra"}]},{"@type":"WebSite","@id":"https:\/\/zudc.lt\/pieno-rinka\/#website","url":"https:\/\/zudc.lt\/pieno-rinka\/","name":"Pieno rinka","description":"","publisher":{"@id":"https:\/\/zudc.lt\/pieno-rinka\/#organization"},"potentialAction":[{"@type":"SearchAction","target":{"@type":"EntryPoint","urlTemplate":"https:\/\/zudc.lt\/pieno-rinka\/?s={search_term_string}"},"query-input":{"@type":"PropertyValueSpecification","valueRequired":true,"valueName":"search_term_string"}}],"inLanguage":"lt-LT"},{"@type":"Organization","@id":"https:\/\/zudc.lt\/pieno-rinka\/#organization","name":"Pieno rinka","url":"https:\/\/zudc.lt\/pieno-rinka\/","logo":{"@type":"ImageObject","inLanguage":"lt-LT","@id":"https:\/\/zudc.lt\/pieno-rinka\/#\/schema\/logo\/image\/","url":"https:\/\/zudc.lt\/pieno-rinka\/wp-content\/uploads\/sites\/5\/2024\/01\/ZUDC-logo.png","contentUrl":"https:\/\/zudc.lt\/pieno-rinka\/wp-content\/uploads\/sites\/5\/2024\/01\/ZUDC-logo.png","width":1967,"height":615,"caption":"Pieno rinka"},"image":{"@id":"https:\/\/zudc.lt\/pieno-rinka\/#\/schema\/logo\/image\/"}}]}},"_links":{"self":[{"href":"https:\/\/zudc.lt\/pieno-rinka\/wp-json\/wp\/v2\/pages\/1317","targetHints":{"allow":["GET"]}}],"collection":[{"href":"https:\/\/zudc.lt\/pieno-rinka\/wp-json\/wp\/v2\/pages"}],"about":[{"href":"https:\/\/zudc.lt\/pieno-rinka\/wp-json\/wp\/v2\/types\/page"}],"author":[{"embeddable":true,"href":"https:\/\/zudc.lt\/pieno-rinka\/wp-json\/wp\/v2\/users\/12"}],"replies":[{"embeddable":true,"href":"https:\/\/zudc.lt\/pieno-rinka\/wp-json\/wp\/v2\/comments?post=1317"}],"version-history":[{"count":19,"href":"https:\/\/zudc.lt\/pieno-rinka\/wp-json\/wp\/v2\/pages\/1317\/revisions"}],"predecessor-version":[{"id":1363,"href":"https:\/\/zudc.lt\/pieno-rinka\/wp-json\/wp\/v2\/pages\/1317\/revisions\/1363"}],"wp:attachment":[{"href":"https:\/\/zudc.lt\/pieno-rinka\/wp-json\/wp\/v2\/media?parent=1317"}],"curies":[{"name":"wp","href":"https:\/\/api.w.org\/{rel}","templated":true}]}}