{"id":28571,"date":"2021-06-10T15:26:09","date_gmt":"2021-06-10T12:26:09","guid":{"rendered":"https:\/\/www.vic.lt\/drp\/?page_id=28571"},"modified":"2024-04-25T15:28:10","modified_gmt":"2024-04-25T12:28:10","slug":"akvakultura","status":"publish","type":"page","link":"https:\/\/zudc.lt\/drp\/statistika\/akvakultura\/","title":{"rendered":"Akvakult\u016bra"},"content":{"rendered":"<table style=\"width: 100%;margin-bottom: 40px;border-collapse: separate\" border=\"0\">\r\n<tbody>\r\n<tr style=\"height: 40px\">\r\n<td style=\"width: 100%;background-color: #1e73be;border: none;vertical-align: centre;text-align: center;margin-bottom: 0px;padding: 10px 0px 0px 0px\"><span class=\"temos-pavadinimas\">Akvakult\u016bra<\/span><\/td>\r\n<\/tr>\r\n<\/tbody>\r\n<\/table>\r\n\r\n\r\n<div class=\"wp-block-columns is-layout-flex wp-container-core-columns-is-layout-1 wp-block-columns-is-layout-flex\">\r\n<div class=\"wp-block-column is-layout-flow wp-block-column-is-layout-flow\">\r\n<table style=\"width: 100%;margin-bottom: 0px;border-collapse: separate\" border=\"0\">\r\n<tbody>\r\n<tr>\r\n<td style=\"width: 100%;border-radius: 40px 0px 40px 0px;background-color: #1e73be;border: none;vertical-align: centre;text-align: center;margin-bottom: 0px;padding: 10px 0px 10px 0px\"><span style=\"padding: 10px 0px 10px 0px\"><input type=\"hidden\" id=\"scrollonclose-id69e667b8f1963\" name=\"1\"\/><span class=\"collapseomatic noarrow temu-meniu-tekstas find-me scroll-to-trigger\" id=\"id69e667b8f1963\" rel=\"temos-highlander\" tabindex=\"0\" title=\"Lietuvos akvakult\u016bros sektoriaus gamyba\" data-findme=\"\"   >Lietuvos akvakult\u016bros sektoriaus gamyba<\/span><div id=\"target-id69e667b8f1963\" class=\"collapseomatic_content \"><\/span>\r\n<table style=\"width: 100%;margin-bottom: 0px;padding: 10px 0px 0px 0px;border-collapse: separate\" border=\"0\">\r\n<tbody>\r\n<tr>\r\n<td style=\"width: 100%;border-radius: 0px 0px 40px 0px;background-color: #eaeaea;border: none;vertical-align: center;text-align: left;margin-bottom: 0px;padding: -10px 0px -10px 0px\">\r\n<ul>\r\n<li><a href=\"https:\/\/zudc.lt\/drp\/statistika\/akvakultura\/3-1-1-uzaugintos-akvakulturos-produkcijos-realizacijos-rodikliai\/\">U\u017eaugintos akvakult\u016bros produkcijos realizacijos rodikliai<\/a><\/li>\r\n<li><a href=\"https:\/\/zudc.lt\/drp\/statistika\/akvakultura\/3-1-2-akvakulturos-produkcijos-gamyba\/\">Akvakult\u016bros produkcijos gamyba<\/a><\/li>\r\n<\/ul>\r\n<\/td>\r\n<\/tr>\r\n<\/tbody>\r\n<\/table>\r\n<\/div>\r\n<\/td>\r\n<\/tr>\r\n<\/tbody>\r\n<\/table>\r\n<\/div>\r\n\r\n\r\n\r\n<div class=\"wp-block-column is-layout-flow wp-block-column-is-layout-flow\">\r\n<table style=\"width: 100%;margin-bottom: 0px;border-collapse: separate\" border=\"0\">\r\n<tbody>\r\n<tr>\r\n<td style=\"width: 100%;border-radius: 40px 0px 40px 0px;background-color: #1e73be;border: none;vertical-align: centre;text-align: center;margin-bottom: 0px;padding: 10px 0px 10px 0px\"><a href=\"https:\/\/zudc.lt\/drp\/statistika\/akvakultura\/3-3-lietuvos-akvakulturos-sektoriaus-struktura\/\"><span class=\"temu-meniu-tekstas\">Lietuvos akvakult\u016bros sektoriaus strukt\u016bra<\/span><\/a><\/td>\r\n<\/tr>\r\n<\/tbody>\r\n<\/table>\r\n<\/div>\r\n<\/div>\r\n\r\n\r\n\r\n<div class=\"wp-block-columns is-layout-flex wp-container-core-columns-is-layout-2 wp-block-columns-is-layout-flex\">\r\n<div class=\"wp-block-column is-layout-flow wp-block-column-is-layout-flow\">\r\n<table style=\"width: 100%;margin-bottom: 0px;border-collapse: separate\" border=\"0\">\r\n<tbody>\r\n<tr>\r\n<td style=\"width: 100%;border-radius: 40px 0px 40px 0px;background-color: #1e73be;border: none;vertical-align: centre;text-align: center;margin-bottom: 0px;padding: 10px 0px 10px 0px\"><span style=\"padding: 10px 0px 10px 0px\"><input type=\"hidden\" id=\"scrollonclose-id69e667b8f19ca\" name=\"1\"\/><span class=\"collapseomatic noarrow temu-meniu-tekstas find-me scroll-to-trigger\" id=\"id69e667b8f19ca\" rel=\"temos-highlander\" tabindex=\"0\" title=\"Akvakult\u016bros sektoriaus u\u017eimtumo ir socialiniai rodikliai\" data-findme=\"\"   >Akvakult\u016bros sektoriaus u\u017eimtumo ir socialiniai rodikliai<\/span><div id=\"target-id69e667b8f19ca\" class=\"collapseomatic_content \"><\/span>\r\n<table style=\"width: 100%;margin-bottom: 0px;padding: 10px 0px 0px 0px;border-collapse: separate\" border=\"0\">\r\n<tbody>\r\n<tr>\r\n<td style=\"width: 100%;border-radius: 0px 0px 40px 0px;background-color: #eaeaea;border: none;vertical-align: center;text-align: left;margin-bottom: 0px;padding: -10px 0px -10px 0px\">\r\n<ul>\r\n<li><a href=\"https:\/\/zudc.lt\/drp\/statistika\/akvakultura\/3-4-1-vidutinis-metinis-darbuotoju-skaicius-akvakulturos-sektoriuje\/\">Vidutinis metinis darbuotoj\u0173 skai\u010dius akvakult\u016bros sektoriuje<\/a><\/li>\r\n<\/ul>\r\n<\/td>\r\n<\/tr>\r\n<\/tbody>\r\n<\/table>\r\n<\/div>\r\n<\/td>\r\n<\/tr>\r\n<\/tbody>\r\n<\/table>\r\n<\/div>\r\n\r\n\r\n\r\n<div class=\"wp-block-column is-layout-flow wp-block-column-is-layout-flow\">\r\n<table style=\"width: 100%;margin-bottom: 0px;border-collapse: separate\" border=\"0\">\r\n<tbody>\r\n<tr>\r\n<td style=\"width: 100%;border-radius: 40px 0px 40px 0px;background-color: #1e73be;border: none;vertical-align: centre;text-align: center;margin-bottom: 0px;padding: 10px 0px 10px 0px\"><a href=\"https:\/\/zudc.lt\/drp\/wp-content\/uploads\/sites\/3\/2024\/04\/3.htm\" target=\"_blank\" rel=\"noopener\"><span class=\"temu-meniu-tekstas\">Akvakult\u016bros produkcijos vidutin\u0117s gamintojo kainos<\/span><\/a><\/td>\r\n<\/tr>\r\n<\/tbody>\r\n<\/table>\r\n<\/div>\r\n<\/div>\r\n","protected":false},"excerpt":{"rendered":"<p>Akvakult\u016bra Lietuvos akvakult\u016bros sektoriaus strukt\u016bra Akvakult\u016bros produkcijos vidutin\u0117s gamintojo kainos<\/p>\n","protected":false},"author":1,"featured_media":0,"parent":31578,"menu_order":3,"comment_status":"closed","ping_status":"closed","template":"","meta":{"footnotes":""},"yoast_head":"<!-- This site is optimized with the Yoast SEO plugin v22.5 - https:\/\/yoast.com\/wordpress\/plugins\/seo\/ -->\n<title>Akvakult\u016bra - Lietuvos nacionalin\u0117 \u017euvininkyst\u0117s duomen\u0173 rinkimo programa<\/title>\n<meta name=\"robots\" content=\"index, follow, max-snippet:-1, max-image-preview:large, max-video-preview:-1\" \/>\n<link rel=\"canonical\" href=\"https:\/\/zudc.lt\/drp\/statistika\/akvakultura\/\" \/>\n<meta property=\"og:locale\" content=\"lt_LT\" \/>\n<meta property=\"og:type\" content=\"article\" \/>\n<meta property=\"og:title\" content=\"Akvakult\u016bra - Lietuvos nacionalin\u0117 \u017euvininkyst\u0117s duomen\u0173 rinkimo programa\" \/>\n<meta property=\"og:description\" content=\"Akvakult\u016bra Lietuvos akvakult\u016bros sektoriaus strukt\u016bra Akvakult\u016bros produkcijos vidutin\u0117s gamintojo kainos\" \/>\n<meta property=\"og:url\" content=\"https:\/\/zudc.lt\/drp\/statistika\/akvakultura\/\" \/>\n<meta property=\"og:site_name\" content=\"Lietuvos nacionalin\u0117 \u017euvininkyst\u0117s duomen\u0173 rinkimo programa\" \/>\n<meta property=\"article:modified_time\" content=\"2024-04-25T12:28:10+00:00\" \/>\n<meta name=\"twitter:card\" content=\"summary_large_image\" \/>\n<meta name=\"twitter:label1\" content=\"Est. reading time\" \/>\n\t<meta name=\"twitter:data1\" content=\"1 minut\u0117\" \/>\n<script type=\"application\/ld+json\" class=\"yoast-schema-graph\">{\"@context\":\"https:\/\/schema.org\",\"@graph\":[{\"@type\":\"WebPage\",\"@id\":\"https:\/\/zudc.lt\/drp\/statistika\/akvakultura\/\",\"url\":\"https:\/\/zudc.lt\/drp\/statistika\/akvakultura\/\",\"name\":\"Akvakult\u016bra - Lietuvos nacionalin\u0117 \u017euvininkyst\u0117s duomen\u0173 rinkimo programa\",\"isPartOf\":{\"@id\":\"https:\/\/zudc.lt\/drp\/#website\"},\"datePublished\":\"2021-06-10T12:26:09+00:00\",\"dateModified\":\"2024-04-25T12:28:10+00:00\",\"breadcrumb\":{\"@id\":\"https:\/\/zudc.lt\/drp\/statistika\/akvakultura\/#breadcrumb\"},\"inLanguage\":\"lt-LT\",\"potentialAction\":[{\"@type\":\"ReadAction\",\"target\":[\"https:\/\/zudc.lt\/drp\/statistika\/akvakultura\/\"]}]},{\"@type\":\"BreadcrumbList\",\"@id\":\"https:\/\/zudc.lt\/drp\/statistika\/akvakultura\/#breadcrumb\",\"itemListElement\":[{\"@type\":\"ListItem\",\"position\":1,\"name\":\"Home\",\"item\":\"https:\/\/zudc.lt\/drp\/\"},{\"@type\":\"ListItem\",\"position\":2,\"name\":\"Statistika\",\"item\":\"https:\/\/zudc.lt\/drp\/statistika\/\"},{\"@type\":\"ListItem\",\"position\":3,\"name\":\"Akvakult\u016bra\"}]},{\"@type\":\"WebSite\",\"@id\":\"https:\/\/zudc.lt\/drp\/#website\",\"url\":\"https:\/\/zudc.lt\/drp\/\",\"name\":\"Lietuvos nacionalin\u0117 \u017euvininkyst\u0117s duomen\u0173 rinkimo programa\",\"description\":\"\",\"publisher\":{\"@id\":\"https:\/\/zudc.lt\/drp\/#organization\"},\"potentialAction\":[{\"@type\":\"SearchAction\",\"target\":{\"@type\":\"EntryPoint\",\"urlTemplate\":\"https:\/\/zudc.lt\/drp\/?s={search_term_string}\"},\"query-input\":\"required name=search_term_string\"}],\"inLanguage\":\"lt-LT\"},{\"@type\":\"Organization\",\"@id\":\"https:\/\/zudc.lt\/drp\/#organization\",\"name\":\"Lietuvos nacionalin\u0117 \u017euvininkyst\u0117s duomen\u0173 rinkimo programa\",\"url\":\"https:\/\/zudc.lt\/drp\/\",\"logo\":{\"@type\":\"ImageObject\",\"inLanguage\":\"lt-LT\",\"@id\":\"https:\/\/zudc.lt\/drp\/#\/schema\/logo\/image\/\",\"url\":\"https:\/\/zudc.lt\/drp\/wp-content\/uploads\/sites\/3\/2024\/04\/cropped-cropped-Logo_EJRZF.png\",\"contentUrl\":\"https:\/\/zudc.lt\/drp\/wp-content\/uploads\/sites\/3\/2024\/04\/cropped-cropped-Logo_EJRZF.png\",\"width\":268,\"height\":66,\"caption\":\"Lietuvos nacionalin\u0117 \u017euvininkyst\u0117s duomen\u0173 rinkimo programa\"},\"image\":{\"@id\":\"https:\/\/zudc.lt\/drp\/#\/schema\/logo\/image\/\"}}]}<\/script>\n<!-- \/ Yoast SEO plugin. -->","yoast_head_json":{"title":"Akvakult\u016bra - Lietuvos nacionalin\u0117 \u017euvininkyst\u0117s duomen\u0173 rinkimo programa","robots":{"index":"index","follow":"follow","max-snippet":"max-snippet:-1","max-image-preview":"max-image-preview:large","max-video-preview":"max-video-preview:-1"},"canonical":"https:\/\/zudc.lt\/drp\/statistika\/akvakultura\/","og_locale":"lt_LT","og_type":"article","og_title":"Akvakult\u016bra - Lietuvos nacionalin\u0117 \u017euvininkyst\u0117s duomen\u0173 rinkimo programa","og_description":"Akvakult\u016bra Lietuvos akvakult\u016bros sektoriaus strukt\u016bra Akvakult\u016bros produkcijos vidutin\u0117s gamintojo kainos","og_url":"https:\/\/zudc.lt\/drp\/statistika\/akvakultura\/","og_site_name":"Lietuvos nacionalin\u0117 \u017euvininkyst\u0117s duomen\u0173 rinkimo programa","article_modified_time":"2024-04-25T12:28:10+00:00","twitter_card":"summary_large_image","twitter_misc":{"Est. reading time":"1 minut\u0117"},"schema":{"@context":"https:\/\/schema.org","@graph":[{"@type":"WebPage","@id":"https:\/\/zudc.lt\/drp\/statistika\/akvakultura\/","url":"https:\/\/zudc.lt\/drp\/statistika\/akvakultura\/","name":"Akvakult\u016bra - Lietuvos nacionalin\u0117 \u017euvininkyst\u0117s duomen\u0173 rinkimo programa","isPartOf":{"@id":"https:\/\/zudc.lt\/drp\/#website"},"datePublished":"2021-06-10T12:26:09+00:00","dateModified":"2024-04-25T12:28:10+00:00","breadcrumb":{"@id":"https:\/\/zudc.lt\/drp\/statistika\/akvakultura\/#breadcrumb"},"inLanguage":"lt-LT","potentialAction":[{"@type":"ReadAction","target":["https:\/\/zudc.lt\/drp\/statistika\/akvakultura\/"]}]},{"@type":"BreadcrumbList","@id":"https:\/\/zudc.lt\/drp\/statistika\/akvakultura\/#breadcrumb","itemListElement":[{"@type":"ListItem","position":1,"name":"Home","item":"https:\/\/zudc.lt\/drp\/"},{"@type":"ListItem","position":2,"name":"Statistika","item":"https:\/\/zudc.lt\/drp\/statistika\/"},{"@type":"ListItem","position":3,"name":"Akvakult\u016bra"}]},{"@type":"WebSite","@id":"https:\/\/zudc.lt\/drp\/#website","url":"https:\/\/zudc.lt\/drp\/","name":"Lietuvos nacionalin\u0117 \u017euvininkyst\u0117s duomen\u0173 rinkimo programa","description":"","publisher":{"@id":"https:\/\/zudc.lt\/drp\/#organization"},"potentialAction":[{"@type":"SearchAction","target":{"@type":"EntryPoint","urlTemplate":"https:\/\/zudc.lt\/drp\/?s={search_term_string}"},"query-input":"required name=search_term_string"}],"inLanguage":"lt-LT"},{"@type":"Organization","@id":"https:\/\/zudc.lt\/drp\/#organization","name":"Lietuvos nacionalin\u0117 \u017euvininkyst\u0117s duomen\u0173 rinkimo programa","url":"https:\/\/zudc.lt\/drp\/","logo":{"@type":"ImageObject","inLanguage":"lt-LT","@id":"https:\/\/zudc.lt\/drp\/#\/schema\/logo\/image\/","url":"https:\/\/zudc.lt\/drp\/wp-content\/uploads\/sites\/3\/2024\/04\/cropped-cropped-Logo_EJRZF.png","contentUrl":"https:\/\/zudc.lt\/drp\/wp-content\/uploads\/sites\/3\/2024\/04\/cropped-cropped-Logo_EJRZF.png","width":268,"height":66,"caption":"Lietuvos nacionalin\u0117 \u017euvininkyst\u0117s duomen\u0173 rinkimo programa"},"image":{"@id":"https:\/\/zudc.lt\/drp\/#\/schema\/logo\/image\/"}}]}},"_links":{"self":[{"href":"https:\/\/zudc.lt\/drp\/wp-json\/wp\/v2\/pages\/28571"}],"collection":[{"href":"https:\/\/zudc.lt\/drp\/wp-json\/wp\/v2\/pages"}],"about":[{"href":"https:\/\/zudc.lt\/drp\/wp-json\/wp\/v2\/types\/page"}],"author":[{"embeddable":true,"href":"https:\/\/zudc.lt\/drp\/wp-json\/wp\/v2\/users\/1"}],"replies":[{"embeddable":true,"href":"https:\/\/zudc.lt\/drp\/wp-json\/wp\/v2\/comments?post=28571"}],"version-history":[{"count":2,"href":"https:\/\/zudc.lt\/drp\/wp-json\/wp\/v2\/pages\/28571\/revisions"}],"predecessor-version":[{"id":68762,"href":"https:\/\/zudc.lt\/drp\/wp-json\/wp\/v2\/pages\/28571\/revisions\/68762"}],"up":[{"embeddable":true,"href":"https:\/\/zudc.lt\/drp\/wp-json\/wp\/v2\/pages\/31578"}],"wp:attachment":[{"href":"https:\/\/zudc.lt\/drp\/wp-json\/wp\/v2\/media?parent=28571"}],"curies":[{"name":"wp","href":"https:\/\/api.w.org\/{rel}","templated":true}]}}