{"id":28515,"date":"2021-06-10T14:57:34","date_gmt":"2021-06-10T11:57:34","guid":{"rendered":"https:\/\/www.vic.lt\/drp\/?page_id=28515"},"modified":"2025-05-07T09:34:49","modified_gmt":"2025-05-07T06:34:49","slug":"zvejyba","status":"publish","type":"page","link":"https:\/\/zudc.lt\/drp\/statistika\/zvejyba\/","title":{"rendered":"\u017dvejyba"},"content":{"rendered":"<table style=\"width: 100%;margin-bottom: 40px;border-collapse: separate\" border=\"0\">\r\n<tbody>\r\n<tr style=\"height: 40px\">\r\n<td style=\"width: 100%;background-color: #1e73be;border: none;vertical-align: centre;text-align: center;margin-bottom: 0px;padding: 10px 0px 0px 0px\"><span class=\"temos-pavadinimas\">\u017dvejyba<\/span><\/td>\r\n<\/tr>\r\n<\/tbody>\r\n<\/table>\r\n\r\n<div class=\"wp-block-columns is-layout-flex wp-container-core-columns-is-layout-1 wp-block-columns-is-layout-flex\">\r\n<div class=\"wp-block-column is-layout-flow wp-block-column-is-layout-flow\">\r\n<table style=\"width: 100%;margin-bottom: 0px;border-collapse: separate\" border=\"0\">\r\n<tbody>\r\n<tr>\r\n<td style=\"width: 100%;border-radius: 40px 0px 40px 0px;background-color: #1e73be;border: none;vertical-align: centre;text-align: center;margin-bottom: 0px;padding: 10px 0px 10px 0px\"><span style=\"padding: 10px 0px 10px 0px\"><input type=\"hidden\" id=\"scrollonclose-id69e4a035d5ad8\" name=\"1\"\/><span class=\"collapseomatic noarrow temu-meniu-tekstas find-me scroll-to-trigger\" id=\"id69e4a035d5ad8\" rel=\"temos-highlander\" tabindex=\"0\" title=\"Lietuvos j\u016brin\u0117s \u017evejybos laivyno ekonominiai rodikliai\" data-findme=\"\"   >Lietuvos j\u016brin\u0117s \u017evejybos laivyno ekonominiai rodikliai<\/span><div id=\"target-id69e4a035d5ad8\" class=\"collapseomatic_content \"><\/span>\r\n<table style=\"width: 100%;margin-bottom: 0px;padding: 10px 0px 0px 0px;border-collapse: separate\" border=\"0\">\r\n<tbody>\r\n<tr>\r\n<td style=\"width: 100%;border-radius: 0px 0px 40px 0px;background-color: #eaeaea;border: none;vertical-align: center;text-align: left;margin-bottom: 0px;padding: -10px 0px -10px 0px\">\r\n<ul>\r\n<li><a href=\"https:\/\/zudc.lt\/drp\/statistika\/zvejyba\/1-1-1-lietuvos-jurines-zvejybos-laivyno-pajamos-ir-islaidos\/\">Lietuvos j\u016brin\u0117s \u017evejybos laivyno pajamos ir i\u0161laidos<\/a><\/li>\r\n<li><a href=\"https:\/\/zudc.lt\/drp\/statistika\/zvejyba\/1-1-2-lietuvos-jurines-zvejybos-laivyno-imoniu-kapitalo-rodikliai\/\">Lietuvos j\u016brin\u0117s \u017evejybos laivyno \u012fmoni\u0173 kapitalo rodikliai<\/a><\/li>\r\n<li><a href=\"https:\/\/zudc.lt\/drp\/statistika\/zvejyba\/1-1-3-lietuvos-jurines-zvejybos-laivyno-pelningumo-rodikliai\/\">Lietuvos j\u016brin\u0117s \u017evejybos laivyno pelningumo rodikliai<\/a><\/li>\r\n<\/ul>\r\n<\/td>\r\n<\/tr>\r\n<\/tbody>\r\n<\/table>\r\n<\/div>\r\n<\/td>\r\n<\/tr>\r\n<\/tbody>\r\n<\/table>\r\n<\/div>\r\n\r\n\r\n\r\n<div class=\"wp-block-column is-layout-flow wp-block-column-is-layout-flow\">\r\n<table style=\"width: 100%;margin-bottom: 0px;border-collapse: separate\" border=\"0\">\r\n<tbody>\r\n<tr>\r\n<td style=\"width: 100%;border-radius: 40px 0px 40px 0px;background-color: #1e73be;border: none;vertical-align: centre;text-align: center;margin-bottom: 0px;padding: 10px 0px 10px 0px\"><span style=\"padding: 10px 0px 10px 0px\"><input type=\"hidden\" id=\"scrollonclose-id69e4a035d5b30\" name=\"1\"\/><span class=\"collapseomatic noarrow temu-meniu-tekstas find-me scroll-to-trigger\" id=\"id69e4a035d5b30\" rel=\"temos-highlander\" tabindex=\"0\" title=\"Lietuvos j\u016brin\u0117s \u017evejybos laivyno darbuotojai\" data-findme=\"\"   >Lietuvos j\u016brin\u0117s \u017evejybos laivyno darbuotojai<\/span><div id=\"target-id69e4a035d5b30\" class=\"collapseomatic_content \"><\/span>\r\n<table style=\"width: 100%;margin-bottom: 0px;padding: 10px 0px 0px 0px;border-collapse: separate\" border=\"0\">\r\n<tbody>\r\n<tr>\r\n<td style=\"width: 100%;border-radius: 0px 0px 40px 0px;background-color: #eaeaea;border: none;vertical-align: center;text-align: left;margin-bottom: 0px;padding: -10px 0px -10px 0px\">\r\n<ul>\r\n<li><a href=\"https:\/\/zudc.lt\/drp\/statistika\/zvejyba\/1-2-1-lietuvos-jurines-zvejybos-sektoriaus-uzimtumo-ir-darbuotoju-socialiniai-rodikliai\/\">Lietuvos j\u016brin\u0117s \u017evejybos sektoriaus u\u017eimtumo ir darbuotoj\u0173 socialiniai rodikliai<\/a><\/li>\r\n<\/ul>\r\n<\/td>\r\n<\/tr>\r\n<\/tbody>\r\n<\/table>\r\n<\/div>\r\n<\/td>\r\n<\/tr>\r\n<\/tbody>\r\n<\/table>\r\n<\/div>\r\n<\/div>\r\n\r\n\r\n\r\n<div class=\"wp-block-columns is-layout-flex wp-container-core-columns-is-layout-2 wp-block-columns-is-layout-flex\">\r\n<div class=\"wp-block-column is-layout-flow wp-block-column-is-layout-flow\">\r\n<table style=\"width: 100%;margin-bottom: 0px;border-collapse: separate\" border=\"0\">\r\n<tbody>\r\n<tr>\r\n<td style=\"width: 100%;border-radius: 40px 0px 40px 0px;background-color: #1e73be;border: none;vertical-align: centre;text-align: center;margin-bottom: 0px;padding: 10px 0px 10px 0px\"><span style=\"padding: 10px 0px 10px 0px\"><input type=\"hidden\" id=\"scrollonclose-id69e4a035d5b60\" name=\"1\"\/><span class=\"collapseomatic noarrow temu-meniu-tekstas find-me scroll-to-trigger\" id=\"id69e4a035d5b60\" rel=\"temos-highlander\" tabindex=\"0\" title=\"Lietuvos j\u016brin\u0117s \u017evejybos laivyno sugavimai ir \u017evejybos pastangos\" data-findme=\"\"   >Lietuvos j\u016brin\u0117s \u017evejybos laivyno sugavimai ir \u017evejybos pastangos<\/span><div id=\"target-id69e4a035d5b60\" class=\"collapseomatic_content \"><\/span>\r\n<table style=\"width: 100%;margin-bottom: 0px;padding: 10px 0px 0px 0px;border-collapse: separate\" border=\"0\">\r\n<tbody>\r\n<tr>\r\n<td style=\"width: 100%;border-radius: 0px 0px 40px 0px;background-color: #eaeaea;border: none;vertical-align: center;text-align: left;margin-bottom: 0px;padding: -10px 0px -10px 0px\">\r\n<ul>\r\n<li><a href=\"https:\/\/zudc.lt\/drp\/statistika\/zvejyba\/1-3-1-lietuvos-jurines-zvejybos-laivyno-suzvejotos-produkcijos-kiekis-ir-verte\/\">Lietuvos j\u016brin\u0117s \u017evejybos laivyno su\u017evejotos produkcijos kiekis ir vert\u0117<\/a><\/li>\r\n<li><a href=\"https:\/\/zudc.lt\/drp\/statistika\/zvejyba\/1-3-2-lietuvos-jurinio-laivyno-zvejybos-pastangu-ir-kuro-sunaudojimo-rodikliai\/\">Lietuvos j\u016brinio laivyno \u017evejybos pastang\u0173 ir kuro sunaudojimo rodikliai<\/a><\/li>\r\n<\/ul>\r\n<\/td>\r\n<\/tr>\r\n<\/tbody>\r\n<\/table>\r\n<\/div>\r\n<\/td>\r\n<\/tr>\r\n<\/tbody>\r\n<\/table>\r\n<\/div>\r\n\r\n\r\n\r\n<div class=\"wp-block-column is-layout-flow wp-block-column-is-layout-flow\">\r\n<table style=\"width: 100%;margin-bottom: 0px;border-collapse: separate\" border=\"0\">\r\n<tbody>\r\n<tr>\r\n<td style=\"width: 100%;border-radius: 40px 0px 40px 0px;background-color: #1e73be;border: none;vertical-align: centre;text-align: center;margin-bottom: 0px;padding: 10px 0px 10px 0px\"><span style=\"padding: 10px 0px 10px 0px\"><input type=\"hidden\" id=\"scrollonclose-id69e4a035d5b89\" name=\"1\"\/><span class=\"collapseomatic noarrow temu-meniu-tekstas find-me scroll-to-trigger\" id=\"id69e4a035d5b89\" rel=\"temos-highlander\" tabindex=\"0\" title=\"Lietuvos j\u016brin\u0117s \u017evejybos laivyno strukt\u016bra\" data-findme=\"\"   >Lietuvos j\u016brin\u0117s \u017evejybos laivyno strukt\u016bra<\/span><div id=\"target-id69e4a035d5b89\" class=\"collapseomatic_content \"><\/span>\r\n<table style=\"width: 100%;margin-bottom: 0px;padding: 10px 0px 0px 0px;border-collapse: separate\" border=\"0\">\r\n<tbody>\r\n<tr>\r\n<td style=\"width: 100%;border-radius: 0px 0px 40px 0px;background-color: #eaeaea;border: none;vertical-align: center;text-align: left;margin-bottom: 0px;padding: -10px 0px -10px 0px\">\r\n<ul>\r\n<li><a href=\"https:\/\/zudc.lt\/drp\/statistika\/zvejyba\/1-4-1-lietuvos-jurines-zvejybos-laivu-skaicius-bendroji-talpa-ir-varikliu-galia\/\">Lietuvos j\u016brin\u0117s \u017evejybos laiv\u0173 skai\u010dius, bendroji talpa ir varikli\u0173 galia<\/a><\/li>\r\n<\/ul>\r\n<\/td>\r\n<\/tr>\r\n<\/tbody>\r\n<\/table>\r\n<\/div>\r\n<\/td>\r\n<\/tr>\r\n<\/tbody>\r\n<\/table>\r\n<\/div>\r\n<\/div>\r\n\r\n\r\n\r\n<div class=\"wp-block-columns is-layout-flex wp-container-core-columns-is-layout-3 wp-block-columns-is-layout-flex\">\r\n<div class=\"wp-block-column is-layout-flow wp-block-column-is-layout-flow\">\r\n<table style=\"width: 100%;margin-bottom: 0px;border-collapse: separate\" border=\"0\">\r\n<tbody>\r\n<tr>\r\n<td style=\"width: 100%;border-radius: 40px 0px 40px 0px;background-color: #1e73be;border: none;vertical-align: centre;text-align: center;margin-bottom: 0px;padding: 10px 0px 10px 0px\"><span style=\"padding: 10px 0px 10px 0px\"><input type=\"hidden\" id=\"scrollonclose-id69e4a035d5bb1\" name=\"1\"\/><span class=\"collapseomatic noarrow temu-meniu-tekstas find-me scroll-to-trigger\" id=\"id69e4a035d5bb1\" rel=\"temos-highlander\" tabindex=\"0\" title=\"\u017dvej\u0173 m\u0117g\u0117j\u0173 apklausos\" data-findme=\"\"   >\u017dvej\u0173 m\u0117g\u0117j\u0173 apklausos<\/span><div id=\"target-id69e4a035d5bb1\" class=\"collapseomatic_content \"><\/span>\r\n<table style=\"width: 100%;margin-bottom: 0px;padding: 10px 0px 0px 0px;border-collapse: separate\" border=\"0\">\r\n<tbody>\r\n<tr>\r\n<td style=\"width: 100%;border-radius: 0px 0px 40px 0px;background-color: #eaeaea;border: none;vertical-align: center;text-align: left;margin-bottom: 0px;padding: -10px 0px -10px 0px\">\r\n<ul>\r\n<li><a href=\"https:\/\/zum.lrv.lt\/uploads\/zum\/documents\/files\/LT_versija\/Veiklos_sritys\/Zuvininkyste\/%C5%BDuvininkyst%C4%97s%20politika\/DRP\/Questionaire%20for%20recreational%20fishery%202020%20(in%20Lithuanian).pdf\" target=\"_blank\" rel=\"noopener\">La\u0161i\u0161\u0173, unguri\u0173 ir \u0161laki\u0173 m\u0117g\u0117ji\u0161kos \u017evejybos tyrimas 2020 metais<\/a><\/li>\r\n<li><a href=\"https:\/\/zudc.lt\/drp\/wp-content\/uploads\/sites\/3\/2024\/04\/Zveju-megeju-tyrimo-ataskaita-2.pdf\" target=\"_blank\" rel=\"noopener\">\u017dvej\u0173 m\u0117g\u0117j\u0173 apklausa apie la\u0161i\u0161\u0173, \u0161laki\u0173 ir unguri\u0173 \u017evejyb\u0105 2021 metais<\/a><\/li>\r\n<li><a href=\"https:\/\/zudc.lt\/drp\/wp-content\/uploads\/sites\/3\/2024\/04\/Zveju-megeju-apklausa-uz-2022.pdf\" target=\"_blank\" rel=\"noopener\">\u017dvej\u0173 m\u0117g\u0117j\u0173 apklausa apie la\u0161i\u0161\u0173, \u0161laki\u0173 ir unguri\u0173 \u017evejyb\u0105 2022 metais<\/a><\/li>\r\n<li><a href=\"https:\/\/zudc.lt\/drp\/wp-content\/uploads\/sites\/3\/2024\/04\/Ataskaita-galutine-Zuvininkyste-202401.pdf\" target=\"_blank\" rel=\"noopener\">\u017dvej\u0173 m\u0117g\u0117j\u0173 apklausa apie la\u0161i\u0161\u0173, \u0161laki\u0173 ir unguri\u0173 \u017evejyb\u0105 2023 metais<\/a><\/li>\r\n<li><a href=\"https:\/\/zudc.lt\/drp\/wp-content\/uploads\/sites\/3\/2025\/05\/Zveju-megeju-apklausos-ataskaita-uz-2024-m.pdf\" target=\"_blank\" rel=\"noopener\">\u017dvej\u0173 m\u0117g\u0117j\u0173 apklausa apie la\u0161i\u0161\u0173, \u0161laki\u0173 ir unguri\u0173 \u017evejyb\u0105 2024 metais<\/a><\/li>\r\n<\/ul>\r\n<\/td>\r\n<\/tr>\r\n<\/tbody>\r\n<\/table>\r\n<\/div>\r\n<\/td>\r\n<\/tr>\r\n<\/tbody>\r\n<\/table>\r\n<\/div>\r\n\r\n\r\n\r\n<div class=\"wp-block-column is-layout-flow wp-block-column-is-layout-flow\"><\/div>\r\n<\/div>\r\n","protected":false},"excerpt":{"rendered":"<p>\u017dvejyba<\/p>\n","protected":false},"author":1,"featured_media":0,"parent":31578,"menu_order":1,"comment_status":"closed","ping_status":"closed","template":"","meta":{"footnotes":""},"yoast_head":"<!-- This site is optimized with the Yoast SEO plugin v22.5 - https:\/\/yoast.com\/wordpress\/plugins\/seo\/ -->\n<title>\u017dvejyba - Lietuvos nacionalin\u0117 \u017euvininkyst\u0117s duomen\u0173 rinkimo programa<\/title>\n<meta name=\"robots\" content=\"index, follow, max-snippet:-1, max-image-preview:large, max-video-preview:-1\" \/>\n<link rel=\"canonical\" href=\"https:\/\/zudc.lt\/drp\/statistika\/zvejyba\/\" \/>\n<meta property=\"og:locale\" content=\"lt_LT\" \/>\n<meta property=\"og:type\" content=\"article\" \/>\n<meta property=\"og:title\" content=\"\u017dvejyba - Lietuvos nacionalin\u0117 \u017euvininkyst\u0117s duomen\u0173 rinkimo programa\" \/>\n<meta property=\"og:description\" content=\"\u017dvejyba\" \/>\n<meta property=\"og:url\" content=\"https:\/\/zudc.lt\/drp\/statistika\/zvejyba\/\" \/>\n<meta property=\"og:site_name\" content=\"Lietuvos nacionalin\u0117 \u017euvininkyst\u0117s duomen\u0173 rinkimo programa\" \/>\n<meta property=\"article:modified_time\" content=\"2025-05-07T06:34:49+00:00\" \/>\n<meta name=\"twitter:card\" content=\"summary_large_image\" \/>\n<meta name=\"twitter:label1\" content=\"Est. reading time\" \/>\n\t<meta name=\"twitter:data1\" content=\"1 minut\u0117\" \/>\n<script type=\"application\/ld+json\" class=\"yoast-schema-graph\">{\"@context\":\"https:\/\/schema.org\",\"@graph\":[{\"@type\":\"WebPage\",\"@id\":\"https:\/\/zudc.lt\/drp\/statistika\/zvejyba\/\",\"url\":\"https:\/\/zudc.lt\/drp\/statistika\/zvejyba\/\",\"name\":\"\u017dvejyba - Lietuvos nacionalin\u0117 \u017euvininkyst\u0117s duomen\u0173 rinkimo programa\",\"isPartOf\":{\"@id\":\"https:\/\/zudc.lt\/drp\/#website\"},\"datePublished\":\"2021-06-10T11:57:34+00:00\",\"dateModified\":\"2025-05-07T06:34:49+00:00\",\"breadcrumb\":{\"@id\":\"https:\/\/zudc.lt\/drp\/statistika\/zvejyba\/#breadcrumb\"},\"inLanguage\":\"lt-LT\",\"potentialAction\":[{\"@type\":\"ReadAction\",\"target\":[\"https:\/\/zudc.lt\/drp\/statistika\/zvejyba\/\"]}]},{\"@type\":\"BreadcrumbList\",\"@id\":\"https:\/\/zudc.lt\/drp\/statistika\/zvejyba\/#breadcrumb\",\"itemListElement\":[{\"@type\":\"ListItem\",\"position\":1,\"name\":\"Home\",\"item\":\"https:\/\/zudc.lt\/drp\/\"},{\"@type\":\"ListItem\",\"position\":2,\"name\":\"Statistika\",\"item\":\"https:\/\/zudc.lt\/drp\/statistika\/\"},{\"@type\":\"ListItem\",\"position\":3,\"name\":\"\u017dvejyba\"}]},{\"@type\":\"WebSite\",\"@id\":\"https:\/\/zudc.lt\/drp\/#website\",\"url\":\"https:\/\/zudc.lt\/drp\/\",\"name\":\"Lietuvos nacionalin\u0117 \u017euvininkyst\u0117s duomen\u0173 rinkimo programa\",\"description\":\"\",\"publisher\":{\"@id\":\"https:\/\/zudc.lt\/drp\/#organization\"},\"potentialAction\":[{\"@type\":\"SearchAction\",\"target\":{\"@type\":\"EntryPoint\",\"urlTemplate\":\"https:\/\/zudc.lt\/drp\/?s={search_term_string}\"},\"query-input\":\"required name=search_term_string\"}],\"inLanguage\":\"lt-LT\"},{\"@type\":\"Organization\",\"@id\":\"https:\/\/zudc.lt\/drp\/#organization\",\"name\":\"Lietuvos nacionalin\u0117 \u017euvininkyst\u0117s duomen\u0173 rinkimo programa\",\"url\":\"https:\/\/zudc.lt\/drp\/\",\"logo\":{\"@type\":\"ImageObject\",\"inLanguage\":\"lt-LT\",\"@id\":\"https:\/\/zudc.lt\/drp\/#\/schema\/logo\/image\/\",\"url\":\"https:\/\/zudc.lt\/drp\/wp-content\/uploads\/sites\/3\/2024\/04\/cropped-cropped-Logo_EJRZF.png\",\"contentUrl\":\"https:\/\/zudc.lt\/drp\/wp-content\/uploads\/sites\/3\/2024\/04\/cropped-cropped-Logo_EJRZF.png\",\"width\":268,\"height\":66,\"caption\":\"Lietuvos nacionalin\u0117 \u017euvininkyst\u0117s duomen\u0173 rinkimo programa\"},\"image\":{\"@id\":\"https:\/\/zudc.lt\/drp\/#\/schema\/logo\/image\/\"}}]}<\/script>\n<!-- \/ Yoast SEO plugin. -->","yoast_head_json":{"title":"\u017dvejyba - Lietuvos nacionalin\u0117 \u017euvininkyst\u0117s duomen\u0173 rinkimo programa","robots":{"index":"index","follow":"follow","max-snippet":"max-snippet:-1","max-image-preview":"max-image-preview:large","max-video-preview":"max-video-preview:-1"},"canonical":"https:\/\/zudc.lt\/drp\/statistika\/zvejyba\/","og_locale":"lt_LT","og_type":"article","og_title":"\u017dvejyba - Lietuvos nacionalin\u0117 \u017euvininkyst\u0117s duomen\u0173 rinkimo programa","og_description":"\u017dvejyba","og_url":"https:\/\/zudc.lt\/drp\/statistika\/zvejyba\/","og_site_name":"Lietuvos nacionalin\u0117 \u017euvininkyst\u0117s duomen\u0173 rinkimo programa","article_modified_time":"2025-05-07T06:34:49+00:00","twitter_card":"summary_large_image","twitter_misc":{"Est. reading time":"1 minut\u0117"},"schema":{"@context":"https:\/\/schema.org","@graph":[{"@type":"WebPage","@id":"https:\/\/zudc.lt\/drp\/statistika\/zvejyba\/","url":"https:\/\/zudc.lt\/drp\/statistika\/zvejyba\/","name":"\u017dvejyba - Lietuvos nacionalin\u0117 \u017euvininkyst\u0117s duomen\u0173 rinkimo programa","isPartOf":{"@id":"https:\/\/zudc.lt\/drp\/#website"},"datePublished":"2021-06-10T11:57:34+00:00","dateModified":"2025-05-07T06:34:49+00:00","breadcrumb":{"@id":"https:\/\/zudc.lt\/drp\/statistika\/zvejyba\/#breadcrumb"},"inLanguage":"lt-LT","potentialAction":[{"@type":"ReadAction","target":["https:\/\/zudc.lt\/drp\/statistika\/zvejyba\/"]}]},{"@type":"BreadcrumbList","@id":"https:\/\/zudc.lt\/drp\/statistika\/zvejyba\/#breadcrumb","itemListElement":[{"@type":"ListItem","position":1,"name":"Home","item":"https:\/\/zudc.lt\/drp\/"},{"@type":"ListItem","position":2,"name":"Statistika","item":"https:\/\/zudc.lt\/drp\/statistika\/"},{"@type":"ListItem","position":3,"name":"\u017dvejyba"}]},{"@type":"WebSite","@id":"https:\/\/zudc.lt\/drp\/#website","url":"https:\/\/zudc.lt\/drp\/","name":"Lietuvos nacionalin\u0117 \u017euvininkyst\u0117s duomen\u0173 rinkimo programa","description":"","publisher":{"@id":"https:\/\/zudc.lt\/drp\/#organization"},"potentialAction":[{"@type":"SearchAction","target":{"@type":"EntryPoint","urlTemplate":"https:\/\/zudc.lt\/drp\/?s={search_term_string}"},"query-input":"required name=search_term_string"}],"inLanguage":"lt-LT"},{"@type":"Organization","@id":"https:\/\/zudc.lt\/drp\/#organization","name":"Lietuvos nacionalin\u0117 \u017euvininkyst\u0117s duomen\u0173 rinkimo programa","url":"https:\/\/zudc.lt\/drp\/","logo":{"@type":"ImageObject","inLanguage":"lt-LT","@id":"https:\/\/zudc.lt\/drp\/#\/schema\/logo\/image\/","url":"https:\/\/zudc.lt\/drp\/wp-content\/uploads\/sites\/3\/2024\/04\/cropped-cropped-Logo_EJRZF.png","contentUrl":"https:\/\/zudc.lt\/drp\/wp-content\/uploads\/sites\/3\/2024\/04\/cropped-cropped-Logo_EJRZF.png","width":268,"height":66,"caption":"Lietuvos nacionalin\u0117 \u017euvininkyst\u0117s duomen\u0173 rinkimo programa"},"image":{"@id":"https:\/\/zudc.lt\/drp\/#\/schema\/logo\/image\/"}}]}},"_links":{"self":[{"href":"https:\/\/zudc.lt\/drp\/wp-json\/wp\/v2\/pages\/28515"}],"collection":[{"href":"https:\/\/zudc.lt\/drp\/wp-json\/wp\/v2\/pages"}],"about":[{"href":"https:\/\/zudc.lt\/drp\/wp-json\/wp\/v2\/types\/page"}],"author":[{"embeddable":true,"href":"https:\/\/zudc.lt\/drp\/wp-json\/wp\/v2\/users\/1"}],"replies":[{"embeddable":true,"href":"https:\/\/zudc.lt\/drp\/wp-json\/wp\/v2\/comments?post=28515"}],"version-history":[{"count":5,"href":"https:\/\/zudc.lt\/drp\/wp-json\/wp\/v2\/pages\/28515\/revisions"}],"predecessor-version":[{"id":69001,"href":"https:\/\/zudc.lt\/drp\/wp-json\/wp\/v2\/pages\/28515\/revisions\/69001"}],"up":[{"embeddable":true,"href":"https:\/\/zudc.lt\/drp\/wp-json\/wp\/v2\/pages\/31578"}],"wp:attachment":[{"href":"https:\/\/zudc.lt\/drp\/wp-json\/wp\/v2\/media?parent=28515"}],"curies":[{"name":"wp","href":"https:\/\/api.w.org\/{rel}","templated":true}]}}