{"id":31337,"date":"2021-08-30T11:39:08","date_gmt":"2021-08-30T08:39:08","guid":{"rendered":"https:\/\/www.vic.lt\/drp-en\/?page_id=31337"},"modified":"2024-04-25T16:12:04","modified_gmt":"2024-04-25T13:12:04","slug":"methodological-documents","status":"publish","type":"page","link":"https:\/\/zudc.lt\/drp-en\/methodological-documents\/","title":{"rendered":"Methodological documents"},"content":{"rendered":"<p style=\"text-align: justify\"><a href=\"https:\/\/zudc.lt\/drp-en\/wp-content\/uploads\/sites\/2\/2024\/04\/Laivyno-kapitalo-vertes-metodika-patvirtinta.pdf\" target=\"_blank\" rel=\"noopener\">Verslin\u0117s j\u016br\u0173 \u017evejybos laivyno kapitalo vert\u0117s skai\u010diavimo metodika<\/a><\/p>\r\n<p style=\"text-align: justify\"><a href=\"https:\/\/e-seimas.lrs.lt\/portal\/legalAct\/lt\/TAD\/7b1fa383a10a11ee8172b53a675305ab\" target=\"_blank\" rel=\"noopener\">Akvakult\u016bros, j\u016brin\u0117s \u017evejybos ir \u017euv\u0173 perdirbimo pramon\u0117s \u012fmoni\u0173 ir (arba) \u016bki\u0173 produkcijos gamybos, realizavimo, darbuotoj\u0173 u\u017eimtumo ir ekonomin\u0117s veiklos rodikli\u0173 tyrimo metodika<\/a><\/p>\r\n<p><a href=\"https:\/\/dcf.ec.europa.eu\/guidelines\/socio-economic-variables_en?prefLang=lt\" target=\"_blank\" rel=\"noopener\">Methodologies and guidelines for the socio-economic data described in EU MAP<\/a><\/p>\r\n<p><a href=\"https:\/\/zudc.lt\/drp-en\/wp-content\/uploads\/sites\/2\/2024\/04\/Zvejybos-teisiu-skaiciavimo-metodika.pdf\" target=\"_blank\" rel=\"noopener\">Lietuvos verslin\u0117s j\u016br\u0173 \u017evejybos teisi\u0173 skai\u010diavimo metodika<\/a><\/p>\r\n<p><a href=\"https:\/\/zudc.lt\/drp-en\/wp-content\/uploads\/sites\/2\/2024\/04\/Methodology-for-data-collection-on-bycatch-of-birds-mammals-and-reptiles-during-commercial-fishing.pdf\" target=\"_blank\" rel=\"noopener\">The Methodology for Data Collection on Bycatch of Birds, Mammals and Reptiles During Commercial Fishing of the Fisheries Service under the Ministry of Agriculture of the Republic of Lithuania<\/a><\/p>\r\n<p><a href=\"https:\/\/zudc.lt\/drp-en\/wp-content\/uploads\/sites\/2\/2024\/04\/Recreational-fishing-data-collection-methodology.pdf\" target=\"_blank\" rel=\"noopener\">Recreational Fishing Data Collection Methodology of the Fisheries Service of the Ministry of Agriculture of the Republic of Lithuania<\/a><\/p>\r\n\r\n\r\n<p><\/p>\r\n","protected":false},"excerpt":{"rendered":"<p>Verslin\u0117s j\u016br\u0173 \u017evejybos laivyno kapitalo vert\u0117s skai\u010diavimo metodika Akvakult\u016bros, j\u016brin\u0117s \u017evejybos ir \u017euv\u0173 perdirbimo pramon\u0117s \u012fmoni\u0173 ir (arba) \u016bki\u0173 produkcijos gamybos, realizavimo, darbuotoj\u0173 u\u017eimtumo ir ekonomin\u0117s veiklos rodikli\u0173 tyrimo metodika Methodologies and guidelines for the socio-economic data described in EU<\/p>\n","protected":false},"author":1,"featured_media":0,"parent":0,"menu_order":5,"comment_status":"closed","ping_status":"closed","template":"","meta":{"footnotes":""},"yoast_head":"<!-- This site is optimized with the Yoast SEO plugin v22.5 - https:\/\/yoast.com\/wordpress\/plugins\/seo\/ -->\n<title>Methodological documents - Lithuanian national fisheries data collection program<\/title>\n<meta name=\"robots\" content=\"index, follow, max-snippet:-1, max-image-preview:large, max-video-preview:-1\" \/>\n<link rel=\"canonical\" href=\"https:\/\/zudc.lt\/drp-en\/methodological-documents\/\" \/>\n<meta property=\"og:locale\" content=\"en_US\" \/>\n<meta property=\"og:type\" content=\"article\" \/>\n<meta property=\"og:title\" content=\"Methodological documents - Lithuanian national fisheries data collection program\" \/>\n<meta property=\"og:description\" content=\"Verslin\u0117s j\u016br\u0173 \u017evejybos laivyno kapitalo vert\u0117s skai\u010diavimo metodika Akvakult\u016bros, j\u016brin\u0117s \u017evejybos ir \u017euv\u0173 perdirbimo pramon\u0117s \u012fmoni\u0173 ir (arba) \u016bki\u0173 produkcijos gamybos, realizavimo, darbuotoj\u0173 u\u017eimtumo ir ekonomin\u0117s veiklos rodikli\u0173 tyrimo metodika Methodologies and guidelines for the socio-economic data described in EU\" \/>\n<meta property=\"og:url\" content=\"https:\/\/zudc.lt\/drp-en\/methodological-documents\/\" \/>\n<meta property=\"og:site_name\" content=\"Lithuanian national fisheries data collection program\" \/>\n<meta property=\"article:modified_time\" content=\"2024-04-25T13:12:04+00:00\" \/>\n<meta name=\"twitter:card\" content=\"summary_large_image\" \/>\n<meta name=\"twitter:label1\" content=\"Est. reading time\" \/>\n\t<meta name=\"twitter:data1\" content=\"1 minute\" \/>\n<script type=\"application\/ld+json\" class=\"yoast-schema-graph\">{\"@context\":\"https:\/\/schema.org\",\"@graph\":[{\"@type\":\"WebPage\",\"@id\":\"https:\/\/zudc.lt\/drp-en\/methodological-documents\/\",\"url\":\"https:\/\/zudc.lt\/drp-en\/methodological-documents\/\",\"name\":\"Methodological documents - Lithuanian national fisheries data collection program\",\"isPartOf\":{\"@id\":\"https:\/\/zudc.lt\/drp-en\/#website\"},\"datePublished\":\"2021-08-30T08:39:08+00:00\",\"dateModified\":\"2024-04-25T13:12:04+00:00\",\"breadcrumb\":{\"@id\":\"https:\/\/zudc.lt\/drp-en\/methodological-documents\/#breadcrumb\"},\"inLanguage\":\"en-US\",\"potentialAction\":[{\"@type\":\"ReadAction\",\"target\":[\"https:\/\/zudc.lt\/drp-en\/methodological-documents\/\"]}]},{\"@type\":\"BreadcrumbList\",\"@id\":\"https:\/\/zudc.lt\/drp-en\/methodological-documents\/#breadcrumb\",\"itemListElement\":[{\"@type\":\"ListItem\",\"position\":1,\"name\":\"Home\",\"item\":\"https:\/\/zudc.lt\/drp-en\/\"},{\"@type\":\"ListItem\",\"position\":2,\"name\":\"Methodological documents\"}]},{\"@type\":\"WebSite\",\"@id\":\"https:\/\/zudc.lt\/drp-en\/#website\",\"url\":\"https:\/\/zudc.lt\/drp-en\/\",\"name\":\"Lithuanian national fisheries data collection program\",\"description\":\"\",\"publisher\":{\"@id\":\"https:\/\/zudc.lt\/drp-en\/#organization\"},\"potentialAction\":[{\"@type\":\"SearchAction\",\"target\":{\"@type\":\"EntryPoint\",\"urlTemplate\":\"https:\/\/zudc.lt\/drp-en\/?s={search_term_string}\"},\"query-input\":\"required name=search_term_string\"}],\"inLanguage\":\"en-US\"},{\"@type\":\"Organization\",\"@id\":\"https:\/\/zudc.lt\/drp-en\/#organization\",\"name\":\"Lithuanian national fisheries data collection program\",\"url\":\"https:\/\/zudc.lt\/drp-en\/\",\"logo\":{\"@type\":\"ImageObject\",\"inLanguage\":\"en-US\",\"@id\":\"https:\/\/zudc.lt\/drp-en\/#\/schema\/logo\/image\/\",\"url\":\"https:\/\/zudc.lt\/drp-en\/wp-content\/uploads\/sites\/2\/2024\/04\/cropped-Logo_EJRZF.png\",\"contentUrl\":\"https:\/\/zudc.lt\/drp-en\/wp-content\/uploads\/sites\/2\/2024\/04\/cropped-Logo_EJRZF.png\",\"width\":268,\"height\":66,\"caption\":\"Lithuanian national fisheries data collection program\"},\"image\":{\"@id\":\"https:\/\/zudc.lt\/drp-en\/#\/schema\/logo\/image\/\"}}]}<\/script>\n<!-- \/ Yoast SEO plugin. -->","yoast_head_json":{"title":"Methodological documents - Lithuanian national fisheries data collection program","robots":{"index":"index","follow":"follow","max-snippet":"max-snippet:-1","max-image-preview":"max-image-preview:large","max-video-preview":"max-video-preview:-1"},"canonical":"https:\/\/zudc.lt\/drp-en\/methodological-documents\/","og_locale":"en_US","og_type":"article","og_title":"Methodological documents - Lithuanian national fisheries data collection program","og_description":"Verslin\u0117s j\u016br\u0173 \u017evejybos laivyno kapitalo vert\u0117s skai\u010diavimo metodika Akvakult\u016bros, j\u016brin\u0117s \u017evejybos ir \u017euv\u0173 perdirbimo pramon\u0117s \u012fmoni\u0173 ir (arba) \u016bki\u0173 produkcijos gamybos, realizavimo, darbuotoj\u0173 u\u017eimtumo ir ekonomin\u0117s veiklos rodikli\u0173 tyrimo metodika Methodologies and guidelines for the socio-economic data described in EU","og_url":"https:\/\/zudc.lt\/drp-en\/methodological-documents\/","og_site_name":"Lithuanian national fisheries data collection program","article_modified_time":"2024-04-25T13:12:04+00:00","twitter_card":"summary_large_image","twitter_misc":{"Est. reading time":"1 minute"},"schema":{"@context":"https:\/\/schema.org","@graph":[{"@type":"WebPage","@id":"https:\/\/zudc.lt\/drp-en\/methodological-documents\/","url":"https:\/\/zudc.lt\/drp-en\/methodological-documents\/","name":"Methodological documents - Lithuanian national fisheries data collection program","isPartOf":{"@id":"https:\/\/zudc.lt\/drp-en\/#website"},"datePublished":"2021-08-30T08:39:08+00:00","dateModified":"2024-04-25T13:12:04+00:00","breadcrumb":{"@id":"https:\/\/zudc.lt\/drp-en\/methodological-documents\/#breadcrumb"},"inLanguage":"en-US","potentialAction":[{"@type":"ReadAction","target":["https:\/\/zudc.lt\/drp-en\/methodological-documents\/"]}]},{"@type":"BreadcrumbList","@id":"https:\/\/zudc.lt\/drp-en\/methodological-documents\/#breadcrumb","itemListElement":[{"@type":"ListItem","position":1,"name":"Home","item":"https:\/\/zudc.lt\/drp-en\/"},{"@type":"ListItem","position":2,"name":"Methodological documents"}]},{"@type":"WebSite","@id":"https:\/\/zudc.lt\/drp-en\/#website","url":"https:\/\/zudc.lt\/drp-en\/","name":"Lithuanian national fisheries data collection program","description":"","publisher":{"@id":"https:\/\/zudc.lt\/drp-en\/#organization"},"potentialAction":[{"@type":"SearchAction","target":{"@type":"EntryPoint","urlTemplate":"https:\/\/zudc.lt\/drp-en\/?s={search_term_string}"},"query-input":"required name=search_term_string"}],"inLanguage":"en-US"},{"@type":"Organization","@id":"https:\/\/zudc.lt\/drp-en\/#organization","name":"Lithuanian national fisheries data collection program","url":"https:\/\/zudc.lt\/drp-en\/","logo":{"@type":"ImageObject","inLanguage":"en-US","@id":"https:\/\/zudc.lt\/drp-en\/#\/schema\/logo\/image\/","url":"https:\/\/zudc.lt\/drp-en\/wp-content\/uploads\/sites\/2\/2024\/04\/cropped-Logo_EJRZF.png","contentUrl":"https:\/\/zudc.lt\/drp-en\/wp-content\/uploads\/sites\/2\/2024\/04\/cropped-Logo_EJRZF.png","width":268,"height":66,"caption":"Lithuanian national fisheries data collection program"},"image":{"@id":"https:\/\/zudc.lt\/drp-en\/#\/schema\/logo\/image\/"}}]}},"_links":{"self":[{"href":"https:\/\/zudc.lt\/drp-en\/wp-json\/wp\/v2\/pages\/31337"}],"collection":[{"href":"https:\/\/zudc.lt\/drp-en\/wp-json\/wp\/v2\/pages"}],"about":[{"href":"https:\/\/zudc.lt\/drp-en\/wp-json\/wp\/v2\/types\/page"}],"author":[{"embeddable":true,"href":"https:\/\/zudc.lt\/drp-en\/wp-json\/wp\/v2\/users\/1"}],"replies":[{"embeddable":true,"href":"https:\/\/zudc.lt\/drp-en\/wp-json\/wp\/v2\/comments?post=31337"}],"version-history":[{"count":1,"href":"https:\/\/zudc.lt\/drp-en\/wp-json\/wp\/v2\/pages\/31337\/revisions"}],"predecessor-version":[{"id":63825,"href":"https:\/\/zudc.lt\/drp-en\/wp-json\/wp\/v2\/pages\/31337\/revisions\/63825"}],"wp:attachment":[{"href":"https:\/\/zudc.lt\/drp-en\/wp-json\/wp\/v2\/media?parent=31337"}],"curies":[{"name":"wp","href":"https:\/\/api.w.org\/{rel}","templated":true}]}}