{"id":28515,"date":"2021-06-10T14:57:34","date_gmt":"2021-06-10T11:57:34","guid":{"rendered":"https:\/\/www.vic.lt\/drp-en\/?page_id=28515"},"modified":"2025-05-07T09:35:58","modified_gmt":"2025-05-07T06:35:58","slug":"fishing","status":"publish","type":"page","link":"https:\/\/zudc.lt\/drp-en\/statistics\/fishing\/","title":{"rendered":"Fishing"},"content":{"rendered":"<table style=\"width: 100%;margin-bottom: 40px;border-collapse: separate\" border=\"0\">\r\n<tbody>\r\n<tr style=\"height: 40px\">\r\n<td style=\"width: 100%;background-color: #1e73be;border: none;vertical-align: centre;text-align: center;margin-bottom: 0px;padding: 10px 0px 0px 0px\"><span class=\"temos-pavadinimas\">Fishing<\/span><\/td>\r\n<\/tr>\r\n<\/tbody>\r\n<\/table>\r\n\r\n\r\n<div class=\"wp-block-columns is-layout-flex wp-container-core-columns-is-layout-1 wp-block-columns-is-layout-flex\">\r\n<div class=\"wp-block-column is-layout-flow wp-block-column-is-layout-flow\">\r\n<table style=\"width: 100%;margin-bottom: 0px;border-collapse: separate\" border=\"0\">\r\n<tbody>\r\n<tr>\r\n<td style=\"width: 100%;border-radius: 40px 0px 40px 0px;background-color: #1e73be;border: none;vertical-align: centre;text-align: center;margin-bottom: 0px;padding: 10px 0px 10px 0px\"><span style=\"padding: 10px 0px 10px 0px\"><input type=\"hidden\" id=\"scrollonclose-id69d1db4aa5949\" name=\"1\"\/><span class=\"collapseomatic noarrow temu-meniu-tekstas find-me scroll-to-trigger\" id=\"id69d1db4aa5949\" rel=\"temos-highlander\" tabindex=\"0\" title=\"Economic indicators of the Lithuanian marine fishing fleet\" data-findme=\"\"   >Economic indicators of the Lithuanian marine fishing fleet<\/span><div id=\"target-id69d1db4aa5949\" class=\"collapseomatic_content \"><\/span>\r\n<table style=\"width: 100%;margin-bottom: 0px;padding: 10px 0px 0px 0px;border-collapse: separate\" border=\"0\">\r\n<tbody>\r\n<tr>\r\n<td style=\"width: 100%;border-radius: 0px 0px 40px 0px;background-color: #eaeaea;border: none;vertical-align: center;text-align: left;margin-bottom: 0px;padding: -10px 0px -10px 0px\">\r\n<ul>\r\n<li><a href=\"https:\/\/zudc.lt\/drp-en\/statistics\/fishing\/1-1-1-revenues-and-expenses-of-the-lithuanian-marine-fishing-fleet\/\">Revenues and expenses of the Lithuanian marine fishing fleet<\/a><\/li>\r\n<li><a href=\"https:\/\/zudc.lt\/drp-en\/statistics\/fishing\/1-1-2-capital-indicators-of-lithuanian-marine-fishing-fleet-companies\/\">Capital indicators of Lithuanian marine fishing fleet companies<\/a><\/li>\r\n<li><a href=\"https:\/\/zudc.lt\/drp-en\/statistics\/fishing\/1-1-3-financial-indicators-of-the-lithuanian-marine-fishing-fleet\/\">Financial indicators of the Lithuanian marine fishing fleet<\/a><\/li>\r\n<\/ul>\r\n<\/td>\r\n<\/tr>\r\n<\/tbody>\r\n<\/table>\r\n<\/div>\r\n<\/td>\r\n<\/tr>\r\n<\/tbody>\r\n<\/table>\r\n<\/div>\r\n\r\n\r\n\r\n<div class=\"wp-block-column is-layout-flow wp-block-column-is-layout-flow\">\r\n<table style=\"width: 100%;margin-bottom: 0px;border-collapse: separate\" border=\"0\">\r\n<tbody>\r\n<tr>\r\n<td style=\"width: 100%;border-radius: 40px 0px 40px 0px;background-color: #1e73be;border: none;vertical-align: centre;text-align: center;margin-bottom: 0px;padding: 10px 0px 10px 0px\"><span style=\"padding: 10px 0px 10px 0px\"><input type=\"hidden\" id=\"scrollonclose-id69d1db4aa59c0\" name=\"1\"\/><span class=\"collapseomatic noarrow temu-meniu-tekstas find-me scroll-to-trigger\" id=\"id69d1db4aa59c0\" rel=\"temos-highlander\" tabindex=\"0\" title=\"Employees of the Lithuanian marine fishing fleet\" data-findme=\"\"   >Employees of the Lithuanian marine fishing fleet<\/span><div id=\"target-id69d1db4aa59c0\" class=\"collapseomatic_content \"><\/span>\r\n<table style=\"width: 100%;margin-bottom: 0px;padding: 10px 0px 0px 0px;border-collapse: separate\" border=\"0\">\r\n<tbody>\r\n<tr>\r\n<td style=\"width: 100%;border-radius: 0px 0px 40px 0px;background-color: #eaeaea;border: none;vertical-align: center;text-align: left;margin-bottom: 0px;padding: -10px 0px -10px 0px\">\r\n<ul>\r\n<li><a href=\"https:\/\/zudc.lt\/drp-en\/statistics\/fishing\/1-2-1-employment-and-social-indicators-in-the-lithuanian-marine-fishing-sector\/\">Employment and social indicators in the Lithuanian marine fishing sector<\/a><\/li>\r\n<\/ul>\r\n<\/td>\r\n<\/tr>\r\n<\/tbody>\r\n<\/table>\r\n<\/div>\r\n<\/td>\r\n<\/tr>\r\n<\/tbody>\r\n<\/table>\r\n<\/div>\r\n<\/div>\r\n\r\n\r\n\r\n<div class=\"wp-block-columns is-layout-flex wp-container-core-columns-is-layout-2 wp-block-columns-is-layout-flex\">\r\n<div class=\"wp-block-column is-layout-flow wp-block-column-is-layout-flow\">\r\n<table style=\"width: 100%;margin-bottom: 0px;border-collapse: separate\" border=\"0\">\r\n<tbody>\r\n<tr>\r\n<td style=\"width: 100%;border-radius: 40px 0px 40px 0px;background-color: #1e73be;border: none;vertical-align: centre;text-align: center;margin-bottom: 0px;padding: 10px 0px 10px 0px\"><span style=\"padding: 10px 0px 10px 0px\"><input type=\"hidden\" id=\"scrollonclose-id69d1db4aa5a0e\" name=\"1\"\/><span class=\"collapseomatic noarrow temu-meniu-tekstas find-me scroll-to-trigger\" id=\"id69d1db4aa5a0e\" rel=\"temos-highlander\" tabindex=\"0\" title=\"Catches and fishing effort of the Lithuanian marine fishing fleet\" data-findme=\"\"   >Catches and fishing effort of the Lithuanian marine fishing fleet<\/span><div id=\"target-id69d1db4aa5a0e\" class=\"collapseomatic_content \"><\/span>\r\n<table style=\"width: 100%;margin-bottom: 0px;padding: 10px 0px 0px 0px;border-collapse: separate\" border=\"0\">\r\n<tbody>\r\n<tr>\r\n<td style=\"width: 100%;border-radius: 0px 0px 40px 0px;background-color: #eaeaea;border: none;vertical-align: center;text-align: left;margin-bottom: 0px;padding: -10px 0px -10px 0px\">\r\n<ul>\r\n<li><a href=\"https:\/\/zudc.lt\/drp-en\/statistics\/fishing\/1-3-1-weight-and-value-of-lithuanian-marine-fishing-fleet-landings\/\">Weight and value of Lithuanian marine fishing fleet landings<\/a><\/li>\r\n<li><a href=\"https:\/\/zudc.lt\/drp-en\/statistics\/fishing\/1-3-2-indicators-of-fishing-effort-and-fuel-consumption-of-the-lithuanian-marine-fishing-fleet\/\">Indicators of fishing effort and fuel consumption of the Lithuanian marine fishing fleet<\/a><\/li>\r\n<\/ul>\r\n<\/td>\r\n<\/tr>\r\n<\/tbody>\r\n<\/table>\r\n<\/div>\r\n<\/td>\r\n<\/tr>\r\n<\/tbody>\r\n<\/table>\r\n<\/div>\r\n\r\n\r\n\r\n<div class=\"wp-block-column is-layout-flow wp-block-column-is-layout-flow\">\r\n<table style=\"width: 100%;margin-bottom: 0px;border-collapse: separate\" border=\"0\">\r\n<tbody>\r\n<tr>\r\n<td style=\"width: 100%;border-radius: 40px 0px 40px 0px;background-color: #1e73be;border: none;vertical-align: centre;text-align: center;margin-bottom: 0px;padding: 10px 0px 10px 0px\"><span style=\"padding: 10px 0px 10px 0px\"><input type=\"hidden\" id=\"scrollonclose-id69d1db4aa5a54\" name=\"1\"\/><span class=\"collapseomatic noarrow temu-meniu-tekstas find-me scroll-to-trigger\" id=\"id69d1db4aa5a54\" rel=\"temos-highlander\" tabindex=\"0\" title=\"Structure of the Lithuanian marine fishing fleet\" data-findme=\"\"   >Structure of the Lithuanian marine fishing fleet<\/span><div id=\"target-id69d1db4aa5a54\" class=\"collapseomatic_content \"><\/span>\r\n<table style=\"width: 100%;margin-bottom: 0px;padding: 10px 0px 0px 0px;border-collapse: separate\" border=\"0\">\r\n<tbody>\r\n<tr>\r\n<td style=\"width: 100%;border-radius: 0px 0px 40px 0px;background-color: #eaeaea;border: none;vertical-align: center;text-align: left;margin-bottom: 0px;padding: -10px 0px -10px 0px\">\r\n<ul>\r\n<li><a href=\"https:\/\/zudc.lt\/drp-en\/statistics\/fishing\/1-4-1-the-number-total-capacity-and-engine-power-of-lithuanian-marine-fishing-vessels\/\">The number total capacity and engine power of lithuanian marine fishing vessels<\/a><\/li>\r\n<\/ul>\r\n<\/td>\r\n<\/tr>\r\n<\/tbody>\r\n<\/table>\r\n<\/div>\r\n<\/td>\r\n<\/tr>\r\n<\/tbody>\r\n<\/table>\r\n<\/div>\r\n<\/div>\r\n\r\n\r\n\r\n<div class=\"wp-block-columns is-layout-flex wp-container-core-columns-is-layout-3 wp-block-columns-is-layout-flex\">\r\n<div class=\"wp-block-column is-layout-flow wp-block-column-is-layout-flow\">\r\n<table style=\"width: 100%;margin-bottom: 0px;border-collapse: separate\" border=\"0\">\r\n<tbody>\r\n<tr>\r\n<td style=\"width: 100%;border-radius: 40px 0px 40px 0px;background-color: #1e73be;border: none;vertical-align: centre;text-align: center;margin-bottom: 0px;padding: 10px 0px 10px 0px\"><span style=\"padding: 10px 0px 10px 0px\"><input type=\"hidden\" id=\"scrollonclose-id69d1db4aa5a96\" name=\"1\"\/><span class=\"collapseomatic noarrow temu-meniu-tekstas find-me scroll-to-trigger\" id=\"id69d1db4aa5a96\" rel=\"temos-highlander\" tabindex=\"0\" title=\"Recreational fishing (only in Lithuanian)\" data-findme=\"\"   >Recreational fishing (only in Lithuanian)<\/span><div id=\"target-id69d1db4aa5a96\" class=\"collapseomatic_content \"><\/span>\r\n<table style=\"width: 100%;margin-bottom: 0px;padding: 10px 0px 0px 0px;border-collapse: separate\" border=\"0\">\r\n<tbody>\r\n<tr>\r\n<td style=\"width: 100%;border-radius: 0px 0px 40px 0px;background-color: #eaeaea;border: none;vertical-align: center;text-align: left;margin-bottom: 0px;padding: -10px 0px -10px 0px\">\r\n<ul>\r\n<li><a href=\"https:\/\/zum.lrv.lt\/uploads\/zum\/documents\/files\/LT_versija\/Veiklos_sritys\/Zuvininkyste\/%C5%BDuvininkyst%C4%97s%20politika\/DRP\/Questionaire%20for%20recreational%20fishery%202020%20(in%20Lithuanian).pdf\" target=\"_blank\" rel=\"noopener\">La\u0161i\u0161\u0173, unguri\u0173 ir \u0161laki\u0173 m\u0117g\u0117ji\u0161kos \u017evejybos tyrimas 2020 metais<\/a><\/li>\r\n<li><a href=\"https:\/\/zudc.lt\/drp\/wp-content\/uploads\/sites\/2\/2024\/04\/Zveju-megeju-tyrimo-ataskaita.pdf\" target=\"_blank\" rel=\"noopener\">\u017dvej\u0173 m\u0117g\u0117j\u0173 apklausa apie la\u0161i\u0161\u0173, \u0161laki\u0173 ir unguri\u0173 \u017evejyb\u0105 2021 metais<\/a><\/li>\r\n<li><a href=\"https:\/\/zudc.lt\/drp\/wp-content\/uploads\/sites\/2\/2024\/04\/Zveju-megeju-apklausa-uz-2022.pdf\" target=\"_blank\" rel=\"noopener\">\u017dvej\u0173 m\u0117g\u0117j\u0173 apklausa apie la\u0161i\u0161\u0173, \u0161laki\u0173 ir unguri\u0173 \u017evejyb\u0105 2022 metais<\/a><\/li>\r\n<li><a href=\"https:\/\/zudc.lt\/drp\/wp-content\/uploads\/sites\/2\/2024\/04\/Ataskaita-galutine-Zuvininkyste-202401.pdf\" target=\"_blank\" rel=\"noopener\">\u017dvej\u0173 m\u0117g\u0117j\u0173 apklausa apie la\u0161i\u0161\u0173, \u0161laki\u0173 ir unguri\u0173 \u017evejyb\u0105 2023 metais<\/a><\/li>\r\n<li><a href=\"https:\/\/zudc.lt\/drp\/wp-content\/uploads\/sites\/3\/2025\/05\/Zveju-megeju-apklausos-ataskaita-uz-2024-m.pdf\" target=\"_blank\" rel=\"noopener\">\u017dvej\u0173 m\u0117g\u0117j\u0173 apklausa apie la\u0161i\u0161\u0173, \u0161laki\u0173 ir unguri\u0173 \u017evejyb\u0105 2024 metais<\/a><\/li>\r\n<\/ul>\r\n<\/td>\r\n<\/tr>\r\n<\/tbody>\r\n<\/table>\r\n<\/div>\r\n<\/td>\r\n<\/tr>\r\n<\/tbody>\r\n<\/table>\r\n<\/div>\r\n\r\n\r\n\r\n<div class=\"wp-block-column is-layout-flow wp-block-column-is-layout-flow\">\r\n<\/div>\r\n<\/div>\r\n","protected":false},"excerpt":{"rendered":"<p>Fishing<\/p>\n","protected":false},"author":1,"featured_media":0,"parent":31578,"menu_order":1,"comment_status":"closed","ping_status":"closed","template":"","meta":{"footnotes":""},"yoast_head":"<!-- This site is optimized with the Yoast SEO plugin v22.5 - https:\/\/yoast.com\/wordpress\/plugins\/seo\/ -->\n<title>Fishing - Lithuanian national fisheries data collection program<\/title>\n<meta name=\"robots\" content=\"index, follow, max-snippet:-1, max-image-preview:large, max-video-preview:-1\" \/>\n<link rel=\"canonical\" href=\"https:\/\/zudc.lt\/drp-en\/statistics\/fishing\/\" \/>\n<meta property=\"og:locale\" content=\"en_US\" \/>\n<meta property=\"og:type\" content=\"article\" \/>\n<meta property=\"og:title\" content=\"Fishing - Lithuanian national fisheries data collection program\" \/>\n<meta property=\"og:description\" content=\"Fishing\" \/>\n<meta property=\"og:url\" content=\"https:\/\/zudc.lt\/drp-en\/statistics\/fishing\/\" \/>\n<meta property=\"og:site_name\" content=\"Lithuanian national fisheries data collection program\" \/>\n<meta property=\"article:modified_time\" content=\"2025-05-07T06:35:58+00:00\" \/>\n<meta name=\"twitter:card\" content=\"summary_large_image\" \/>\n<meta name=\"twitter:label1\" content=\"Est. reading time\" \/>\n\t<meta name=\"twitter:data1\" content=\"1 minute\" \/>\n<script type=\"application\/ld+json\" class=\"yoast-schema-graph\">{\"@context\":\"https:\/\/schema.org\",\"@graph\":[{\"@type\":\"WebPage\",\"@id\":\"https:\/\/zudc.lt\/drp-en\/statistics\/fishing\/\",\"url\":\"https:\/\/zudc.lt\/drp-en\/statistics\/fishing\/\",\"name\":\"Fishing - Lithuanian national fisheries data collection program\",\"isPartOf\":{\"@id\":\"https:\/\/zudc.lt\/drp-en\/#website\"},\"datePublished\":\"2021-06-10T11:57:34+00:00\",\"dateModified\":\"2025-05-07T06:35:58+00:00\",\"breadcrumb\":{\"@id\":\"https:\/\/zudc.lt\/drp-en\/statistics\/fishing\/#breadcrumb\"},\"inLanguage\":\"en-US\",\"potentialAction\":[{\"@type\":\"ReadAction\",\"target\":[\"https:\/\/zudc.lt\/drp-en\/statistics\/fishing\/\"]}]},{\"@type\":\"BreadcrumbList\",\"@id\":\"https:\/\/zudc.lt\/drp-en\/statistics\/fishing\/#breadcrumb\",\"itemListElement\":[{\"@type\":\"ListItem\",\"position\":1,\"name\":\"Home\",\"item\":\"https:\/\/zudc.lt\/drp-en\/\"},{\"@type\":\"ListItem\",\"position\":2,\"name\":\"Statistics\",\"item\":\"https:\/\/zudc.lt\/drp-en\/statistics\/\"},{\"@type\":\"ListItem\",\"position\":3,\"name\":\"Fishing\"}]},{\"@type\":\"WebSite\",\"@id\":\"https:\/\/zudc.lt\/drp-en\/#website\",\"url\":\"https:\/\/zudc.lt\/drp-en\/\",\"name\":\"Lithuanian national fisheries data collection program\",\"description\":\"\",\"publisher\":{\"@id\":\"https:\/\/zudc.lt\/drp-en\/#organization\"},\"potentialAction\":[{\"@type\":\"SearchAction\",\"target\":{\"@type\":\"EntryPoint\",\"urlTemplate\":\"https:\/\/zudc.lt\/drp-en\/?s={search_term_string}\"},\"query-input\":\"required name=search_term_string\"}],\"inLanguage\":\"en-US\"},{\"@type\":\"Organization\",\"@id\":\"https:\/\/zudc.lt\/drp-en\/#organization\",\"name\":\"Lithuanian national fisheries data collection program\",\"url\":\"https:\/\/zudc.lt\/drp-en\/\",\"logo\":{\"@type\":\"ImageObject\",\"inLanguage\":\"en-US\",\"@id\":\"https:\/\/zudc.lt\/drp-en\/#\/schema\/logo\/image\/\",\"url\":\"https:\/\/zudc.lt\/drp-en\/wp-content\/uploads\/sites\/2\/2024\/04\/cropped-Logo_EJRZF.png\",\"contentUrl\":\"https:\/\/zudc.lt\/drp-en\/wp-content\/uploads\/sites\/2\/2024\/04\/cropped-Logo_EJRZF.png\",\"width\":268,\"height\":66,\"caption\":\"Lithuanian national fisheries data collection program\"},\"image\":{\"@id\":\"https:\/\/zudc.lt\/drp-en\/#\/schema\/logo\/image\/\"}}]}<\/script>\n<!-- \/ Yoast SEO plugin. -->","yoast_head_json":{"title":"Fishing - Lithuanian national fisheries data collection program","robots":{"index":"index","follow":"follow","max-snippet":"max-snippet:-1","max-image-preview":"max-image-preview:large","max-video-preview":"max-video-preview:-1"},"canonical":"https:\/\/zudc.lt\/drp-en\/statistics\/fishing\/","og_locale":"en_US","og_type":"article","og_title":"Fishing - Lithuanian national fisheries data collection program","og_description":"Fishing","og_url":"https:\/\/zudc.lt\/drp-en\/statistics\/fishing\/","og_site_name":"Lithuanian national fisheries data collection program","article_modified_time":"2025-05-07T06:35:58+00:00","twitter_card":"summary_large_image","twitter_misc":{"Est. reading time":"1 minute"},"schema":{"@context":"https:\/\/schema.org","@graph":[{"@type":"WebPage","@id":"https:\/\/zudc.lt\/drp-en\/statistics\/fishing\/","url":"https:\/\/zudc.lt\/drp-en\/statistics\/fishing\/","name":"Fishing - Lithuanian national fisheries data collection program","isPartOf":{"@id":"https:\/\/zudc.lt\/drp-en\/#website"},"datePublished":"2021-06-10T11:57:34+00:00","dateModified":"2025-05-07T06:35:58+00:00","breadcrumb":{"@id":"https:\/\/zudc.lt\/drp-en\/statistics\/fishing\/#breadcrumb"},"inLanguage":"en-US","potentialAction":[{"@type":"ReadAction","target":["https:\/\/zudc.lt\/drp-en\/statistics\/fishing\/"]}]},{"@type":"BreadcrumbList","@id":"https:\/\/zudc.lt\/drp-en\/statistics\/fishing\/#breadcrumb","itemListElement":[{"@type":"ListItem","position":1,"name":"Home","item":"https:\/\/zudc.lt\/drp-en\/"},{"@type":"ListItem","position":2,"name":"Statistics","item":"https:\/\/zudc.lt\/drp-en\/statistics\/"},{"@type":"ListItem","position":3,"name":"Fishing"}]},{"@type":"WebSite","@id":"https:\/\/zudc.lt\/drp-en\/#website","url":"https:\/\/zudc.lt\/drp-en\/","name":"Lithuanian national fisheries data collection program","description":"","publisher":{"@id":"https:\/\/zudc.lt\/drp-en\/#organization"},"potentialAction":[{"@type":"SearchAction","target":{"@type":"EntryPoint","urlTemplate":"https:\/\/zudc.lt\/drp-en\/?s={search_term_string}"},"query-input":"required name=search_term_string"}],"inLanguage":"en-US"},{"@type":"Organization","@id":"https:\/\/zudc.lt\/drp-en\/#organization","name":"Lithuanian national fisheries data collection program","url":"https:\/\/zudc.lt\/drp-en\/","logo":{"@type":"ImageObject","inLanguage":"en-US","@id":"https:\/\/zudc.lt\/drp-en\/#\/schema\/logo\/image\/","url":"https:\/\/zudc.lt\/drp-en\/wp-content\/uploads\/sites\/2\/2024\/04\/cropped-Logo_EJRZF.png","contentUrl":"https:\/\/zudc.lt\/drp-en\/wp-content\/uploads\/sites\/2\/2024\/04\/cropped-Logo_EJRZF.png","width":268,"height":66,"caption":"Lithuanian national fisheries data collection program"},"image":{"@id":"https:\/\/zudc.lt\/drp-en\/#\/schema\/logo\/image\/"}}]}},"_links":{"self":[{"href":"https:\/\/zudc.lt\/drp-en\/wp-json\/wp\/v2\/pages\/28515"}],"collection":[{"href":"https:\/\/zudc.lt\/drp-en\/wp-json\/wp\/v2\/pages"}],"about":[{"href":"https:\/\/zudc.lt\/drp-en\/wp-json\/wp\/v2\/types\/page"}],"author":[{"embeddable":true,"href":"https:\/\/zudc.lt\/drp-en\/wp-json\/wp\/v2\/users\/1"}],"replies":[{"embeddable":true,"href":"https:\/\/zudc.lt\/drp-en\/wp-json\/wp\/v2\/comments?post=28515"}],"version-history":[{"count":5,"href":"https:\/\/zudc.lt\/drp-en\/wp-json\/wp\/v2\/pages\/28515\/revisions"}],"predecessor-version":[{"id":63894,"href":"https:\/\/zudc.lt\/drp-en\/wp-json\/wp\/v2\/pages\/28515\/revisions\/63894"}],"up":[{"embeddable":true,"href":"https:\/\/zudc.lt\/drp-en\/wp-json\/wp\/v2\/pages\/31578"}],"wp:attachment":[{"href":"https:\/\/zudc.lt\/drp-en\/wp-json\/wp\/v2\/media?parent=28515"}],"curies":[{"name":"wp","href":"https:\/\/api.w.org\/{rel}","templated":true}]}}